{"id":965,"date":"2020-11-21T16:49:29","date_gmt":"2020-11-21T15:49:29","guid":{"rendered":"https:\/\/www.abraca.cz\/home\/?page_id=965"},"modified":"2020-11-21T16:49:29","modified_gmt":"2020-11-21T15:49:29","slug":"dalibor-chatrny","status":"publish","type":"page","link":"https:\/\/www.abraca.cz\/home\/dalibor-chatrny\/","title":{"rendered":"Dalibor Chatrn\u00fd"},"content":{"rendered":"\n<div class=\"wp-block-columns\">\n<div class=\"wp-block-column\">\n<figure class=\"wp-block-gallery columns-3 is-cropped\"><ul class=\"blocks-gallery-grid\"><li class=\"blocks-gallery-item\"><figure><img loading=\"lazy\" width=\"300\" height=\"240\" src=\"https:\/\/www.abraca.cz\/wp-content\/uploads\/clip0359small.jpg\" alt=\"\" data-id=\"966\" data-full-url=\"https:\/\/www.abraca.cz\/wp-content\/uploads\/clip0359small.jpg\" data-link=\"https:\/\/www.abraca.cz\/home\/?attachment_id=966\" class=\"wp-image-966\"\/><\/figure><\/li><li class=\"blocks-gallery-item\"><figure><img loading=\"lazy\" width=\"300\" height=\"240\" src=\"https:\/\/www.abraca.cz\/wp-content\/uploads\/clip0360small-1.jpg\" alt=\"\" data-id=\"967\" data-full-url=\"https:\/\/www.abraca.cz\/wp-content\/uploads\/clip0360small-1.jpg\" data-link=\"https:\/\/www.abraca.cz\/home\/?attachment_id=967\" class=\"wp-image-967\"\/><\/figure><\/li><li class=\"blocks-gallery-item\"><figure><img loading=\"lazy\" width=\"300\" height=\"240\" src=\"https:\/\/www.abraca.cz\/wp-content\/uploads\/clip0361small-1.jpg\" alt=\"\" data-id=\"968\" data-full-url=\"https:\/\/www.abraca.cz\/wp-content\/uploads\/clip0361small-1.jpg\" data-link=\"https:\/\/www.abraca.cz\/home\/?attachment_id=968\" class=\"wp-image-968\"\/><\/figure><\/li><li class=\"blocks-gallery-item\"><figure><img loading=\"lazy\" width=\"300\" height=\"240\" src=\"https:\/\/www.abraca.cz\/wp-content\/uploads\/clip0362-1small.jpg\" alt=\"\" data-id=\"969\" data-full-url=\"https:\/\/www.abraca.cz\/wp-content\/uploads\/clip0362-1small.jpg\" data-link=\"https:\/\/www.abraca.cz\/home\/?attachment_id=969\" class=\"wp-image-969\"\/><\/figure><\/li><li class=\"blocks-gallery-item\"><figure><img loading=\"lazy\" width=\"300\" height=\"240\" src=\"https:\/\/www.abraca.cz\/wp-content\/uploads\/clip0362-2small.jpg\" alt=\"\" data-id=\"970\" data-full-url=\"https:\/\/www.abraca.cz\/wp-content\/uploads\/clip0362-2small.jpg\" data-link=\"https:\/\/www.abraca.cz\/home\/?attachment_id=970\" class=\"wp-image-970\"\/><\/figure><\/li><li class=\"blocks-gallery-item\"><figure><img loading=\"lazy\" width=\"300\" height=\"240\" src=\"https:\/\/www.abraca.cz\/wp-content\/uploads\/clip0362small.jpg\" alt=\"\" data-id=\"971\" data-full-url=\"https:\/\/www.abraca.cz\/wp-content\/uploads\/clip0362small.jpg\" data-link=\"https:\/\/www.abraca.cz\/home\/?attachment_id=971\" class=\"wp-image-971\"\/><\/figure><\/li><\/ul><\/figure>\n<\/div>\n\n\n\n<div class=\"wp-block-column\">\n<p>DALIBOR CHATRN\u00dd<\/p>\n\n\n\n<p>N\u00e1v\u0161t\u011bva v ateli\u00e9ru brn\u011bnsk\u00e9ho v\u00fdtvarn\u00edka Dalibora Chatrn\u00e9ho.<\/p>\n\n\n\n<p>stop\u00e1\u017e:&nbsp; &nbsp;8 minut<\/p>\n<\/div>\n<\/div>\n","protected":false},"excerpt":{"rendered":"<p>DALIBOR CHATRN\u00dd N\u00e1v\u0161t\u011bva v ateli\u00e9ru brn\u011bnsk\u00e9ho v\u00fdtvarn\u00edka Dalibora Chatrn\u00e9ho. stop\u00e1\u017e:&nbsp; &nbsp;8 minut<\/p>\n","protected":false},"author":1,"featured_media":0,"parent":0,"menu_order":0,"comment_status":"closed","ping_status":"closed","template":"","meta":[],"_links":{"self":[{"href":"https:\/\/www.abraca.cz\/home\/wp-json\/wp\/v2\/pages\/965"}],"collection":[{"href":"https:\/\/www.abraca.cz\/home\/wp-json\/wp\/v2\/pages"}],"about":[{"href":"https:\/\/www.abraca.cz\/home\/wp-json\/wp\/v2\/types\/page"}],"author":[{"embeddable":true,"href":"https:\/\/www.abraca.cz\/home\/wp-json\/wp\/v2\/users\/1"}],"replies":[{"embeddable":true,"href":"https:\/\/www.abraca.cz\/home\/wp-json\/wp\/v2\/comments?post=965"}],"version-history":[{"count":1,"href":"https:\/\/www.abraca.cz\/home\/wp-json\/wp\/v2\/pages\/965\/revisions"}],"predecessor-version":[{"id":972,"href":"https:\/\/www.abraca.cz\/home\/wp-json\/wp\/v2\/pages\/965\/revisions\/972"}],"wp:attachment":[{"href":"https:\/\/www.abraca.cz\/home\/wp-json\/wp\/v2\/media?parent=965"}],"curies":[{"name":"wp","href":"https:\/\/api.w.org\/{rel}","templated":true}]}}