{"id":880,"date":"2020-11-21T16:35:08","date_gmt":"2020-11-21T15:35:08","guid":{"rendered":"https:\/\/www.abraca.cz\/home\/?page_id=880"},"modified":"2020-11-21T16:35:08","modified_gmt":"2020-11-21T15:35:08","slug":"whistler","status":"publish","type":"page","link":"https:\/\/www.abraca.cz\/home\/whistler\/","title":{"rendered":"Whistler"},"content":{"rendered":"\n<div class=\"wp-block-columns\">\n<div class=\"wp-block-column\">\n<figure class=\"wp-block-gallery columns-3 is-cropped\"><ul class=\"blocks-gallery-grid\"><li class=\"blocks-gallery-item\"><figure><img loading=\"lazy\" width=\"300\" height=\"240\" src=\"https:\/\/www.abraca.cz\/wp-content\/uploads\/clip0283small.jpg\" alt=\"\" data-id=\"881\" data-full-url=\"https:\/\/www.abraca.cz\/wp-content\/uploads\/clip0283small.jpg\" data-link=\"https:\/\/www.abraca.cz\/home\/?attachment_id=881\" class=\"wp-image-881\"\/><\/figure><\/li><li class=\"blocks-gallery-item\"><figure><img loading=\"lazy\" width=\"300\" height=\"240\" src=\"https:\/\/www.abraca.cz\/wp-content\/uploads\/clip0284small.jpg\" alt=\"\" data-id=\"882\" data-full-url=\"https:\/\/www.abraca.cz\/wp-content\/uploads\/clip0284small.jpg\" data-link=\"https:\/\/www.abraca.cz\/home\/?attachment_id=882\" class=\"wp-image-882\"\/><\/figure><\/li><li class=\"blocks-gallery-item\"><figure><img loading=\"lazy\" width=\"300\" height=\"240\" src=\"https:\/\/www.abraca.cz\/wp-content\/uploads\/clip0285small.jpg\" alt=\"\" data-id=\"883\" data-full-url=\"https:\/\/www.abraca.cz\/wp-content\/uploads\/clip0285small.jpg\" data-link=\"https:\/\/www.abraca.cz\/home\/?attachment_id=883\" class=\"wp-image-883\"\/><\/figure><\/li><li class=\"blocks-gallery-item\"><figure><img loading=\"lazy\" width=\"300\" height=\"240\" src=\"https:\/\/www.abraca.cz\/wp-content\/uploads\/clip0286small.jpg\" alt=\"\" data-id=\"884\" data-full-url=\"https:\/\/www.abraca.cz\/wp-content\/uploads\/clip0286small.jpg\" data-link=\"https:\/\/www.abraca.cz\/home\/?attachment_id=884\" class=\"wp-image-884\"\/><\/figure><\/li><li class=\"blocks-gallery-item\"><figure><img loading=\"lazy\" width=\"300\" height=\"240\" src=\"https:\/\/www.abraca.cz\/wp-content\/uploads\/clip0287small.jpg\" alt=\"\" data-id=\"885\" data-full-url=\"https:\/\/www.abraca.cz\/wp-content\/uploads\/clip0287small.jpg\" data-link=\"https:\/\/www.abraca.cz\/home\/?attachment_id=885\" class=\"wp-image-885\"\/><\/figure><\/li><li class=\"blocks-gallery-item\"><figure><img loading=\"lazy\" width=\"300\" height=\"240\" src=\"https:\/\/www.abraca.cz\/wp-content\/uploads\/clip0288small.jpg\" alt=\"\" data-id=\"886\" data-full-url=\"https:\/\/www.abraca.cz\/wp-content\/uploads\/clip0288small.jpg\" data-link=\"https:\/\/www.abraca.cz\/home\/?attachment_id=886\" class=\"wp-image-886\"\/><\/figure><\/li><li class=\"blocks-gallery-item\"><figure><img loading=\"lazy\" width=\"300\" height=\"240\" src=\"https:\/\/www.abraca.cz\/wp-content\/uploads\/clip0289small.jpg\" alt=\"\" data-id=\"887\" data-full-url=\"https:\/\/www.abraca.cz\/wp-content\/uploads\/clip0289small.jpg\" data-link=\"https:\/\/www.abraca.cz\/home\/?attachment_id=887\" class=\"wp-image-887\"\/><\/figure><\/li><li class=\"blocks-gallery-item\"><figure><img loading=\"lazy\" width=\"300\" height=\"240\" src=\"https:\/\/www.abraca.cz\/wp-content\/uploads\/clip0290small.jpg\" alt=\"\" data-id=\"888\" data-full-url=\"https:\/\/www.abraca.cz\/wp-content\/uploads\/clip0290small.jpg\" data-link=\"https:\/\/www.abraca.cz\/home\/?attachment_id=888\" class=\"wp-image-888\"\/><\/figure><\/li><li class=\"blocks-gallery-item\"><figure><img loading=\"lazy\" width=\"300\" height=\"240\" src=\"https:\/\/www.abraca.cz\/wp-content\/uploads\/clip0291small.jpg\" alt=\"\" data-id=\"889\" data-full-url=\"https:\/\/www.abraca.cz\/wp-content\/uploads\/clip0291small.jpg\" data-link=\"https:\/\/www.abraca.cz\/home\/?attachment_id=889\" class=\"wp-image-889\"\/><\/figure><\/li><li class=\"blocks-gallery-item\"><figure><img loading=\"lazy\" width=\"300\" height=\"240\" src=\"https:\/\/www.abraca.cz\/wp-content\/uploads\/clip0292small.jpg\" alt=\"\" data-id=\"890\" data-full-url=\"https:\/\/www.abraca.cz\/wp-content\/uploads\/clip0292small.jpg\" data-link=\"https:\/\/www.abraca.cz\/home\/?attachment_id=890\" class=\"wp-image-890\"\/><\/figure><\/li><li class=\"blocks-gallery-item\"><figure><img loading=\"lazy\" width=\"300\" height=\"240\" src=\"https:\/\/www.abraca.cz\/wp-content\/uploads\/clip0293small.jpg\" alt=\"\" data-id=\"891\" data-full-url=\"https:\/\/www.abraca.cz\/wp-content\/uploads\/clip0293small.jpg\" data-link=\"https:\/\/www.abraca.cz\/home\/?attachment_id=891\" class=\"wp-image-891\"\/><\/figure><\/li><li class=\"blocks-gallery-item\"><figure><img loading=\"lazy\" width=\"300\" height=\"240\" src=\"https:\/\/www.abraca.cz\/wp-content\/uploads\/clip0294small-1.jpg\" alt=\"\" data-id=\"892\" data-full-url=\"https:\/\/www.abraca.cz\/wp-content\/uploads\/clip0294small-1.jpg\" data-link=\"https:\/\/www.abraca.cz\/home\/?attachment_id=892\" class=\"wp-image-892\"\/><\/figure><\/li><\/ul><\/figure>\n<\/div>\n\n\n\n<div class=\"wp-block-column\">\n<p><\/p>\n\n\n\n<p>WHISTLER<\/p>\n\n\n\n<p>Jedno z nejlep\u0161\u00edch ly\u017ea\u0159sk\u00fdch st\u0159edisek Severn\u00ed Ameriky, d\u011bji\u0161t\u011b ly\u017ea\u0159sk\u00fdch disciplin b\u011bhem zimn\u00ed Olympi\u00e1dy 2010, jeho jezera, hory, vodop\u00e1dy a sportovn\u00ed&nbsp;pr\u00e1zdninov\u00e1 atmosf\u00e9ra.<\/p>\n\n\n\n<p>stop\u00e1\u017e:&nbsp; 57 minut<\/p>\n<\/div>\n<\/div>\n","protected":false},"excerpt":{"rendered":"<p>WHISTLER Jedno z nejlep\u0161\u00edch ly\u017ea\u0159sk\u00fdch st\u0159edisek Severn\u00ed Ameriky, d\u011bji\u0161t\u011b ly\u017ea\u0159sk\u00fdch disciplin b\u011bhem zimn\u00ed Olympi\u00e1dy 2010, jeho jezera, hory, vodop\u00e1dy a sportovn\u00ed&nbsp;pr\u00e1zdninov\u00e1 atmosf\u00e9ra. stop\u00e1\u017e:&nbsp; 57 minut<\/p>\n","protected":false},"author":1,"featured_media":0,"parent":0,"menu_order":0,"comment_status":"closed","ping_status":"closed","template":"","meta":[],"_links":{"self":[{"href":"https:\/\/www.abraca.cz\/home\/wp-json\/wp\/v2\/pages\/880"}],"collection":[{"href":"https:\/\/www.abraca.cz\/home\/wp-json\/wp\/v2\/pages"}],"about":[{"href":"https:\/\/www.abraca.cz\/home\/wp-json\/wp\/v2\/types\/page"}],"author":[{"embeddable":true,"href":"https:\/\/www.abraca.cz\/home\/wp-json\/wp\/v2\/users\/1"}],"replies":[{"embeddable":true,"href":"https:\/\/www.abraca.cz\/home\/wp-json\/wp\/v2\/comments?post=880"}],"version-history":[{"count":1,"href":"https:\/\/www.abraca.cz\/home\/wp-json\/wp\/v2\/pages\/880\/revisions"}],"predecessor-version":[{"id":893,"href":"https:\/\/www.abraca.cz\/home\/wp-json\/wp\/v2\/pages\/880\/revisions\/893"}],"wp:attachment":[{"href":"https:\/\/www.abraca.cz\/home\/wp-json\/wp\/v2\/media?parent=880"}],"curies":[{"name":"wp","href":"https:\/\/api.w.org\/{rel}","templated":true}]}}