{"id":777,"date":"2020-11-21T16:22:37","date_gmt":"2020-11-21T15:22:37","guid":{"rendered":"https:\/\/www.abraca.cz\/home\/?page_id=777"},"modified":"2020-11-21T16:22:37","modified_gmt":"2020-11-21T15:22:37","slug":"atelier-open-2007","status":"publish","type":"page","link":"https:\/\/www.abraca.cz\/home\/atelier-open-2007\/","title":{"rendered":"Atelier open 2007"},"content":{"rendered":"\n<div class=\"wp-block-columns\">\n<div class=\"wp-block-column\">\n<figure class=\"wp-block-gallery columns-3 is-cropped\"><ul class=\"blocks-gallery-grid\"><li class=\"blocks-gallery-item\"><figure><img loading=\"lazy\" width=\"300\" height=\"240\" src=\"https:\/\/www.abraca.cz\/wp-content\/uploads\/clip0231small.jpg\" alt=\"\" data-id=\"778\" data-full-url=\"https:\/\/www.abraca.cz\/wp-content\/uploads\/clip0231small.jpg\" data-link=\"https:\/\/www.abraca.cz\/home\/?attachment_id=778\" class=\"wp-image-778\"\/><\/figure><\/li><li class=\"blocks-gallery-item\"><figure><img loading=\"lazy\" width=\"300\" height=\"240\" src=\"https:\/\/www.abraca.cz\/wp-content\/uploads\/clip0232small-1.jpg\" alt=\"\" data-id=\"779\" data-full-url=\"https:\/\/www.abraca.cz\/wp-content\/uploads\/clip0232small-1.jpg\" data-link=\"https:\/\/www.abraca.cz\/home\/?attachment_id=779\" class=\"wp-image-779\"\/><\/figure><\/li><li class=\"blocks-gallery-item\"><figure><img loading=\"lazy\" width=\"300\" height=\"240\" src=\"https:\/\/www.abraca.cz\/wp-content\/uploads\/clip0233small.jpg\" alt=\"\" data-id=\"780\" data-full-url=\"https:\/\/www.abraca.cz\/wp-content\/uploads\/clip0233small.jpg\" data-link=\"https:\/\/www.abraca.cz\/home\/?attachment_id=780\" class=\"wp-image-780\"\/><\/figure><\/li><li class=\"blocks-gallery-item\"><figure><img loading=\"lazy\" width=\"300\" height=\"240\" src=\"https:\/\/www.abraca.cz\/wp-content\/uploads\/clip0234small.jpg\" alt=\"\" data-id=\"781\" data-full-url=\"https:\/\/www.abraca.cz\/wp-content\/uploads\/clip0234small.jpg\" data-link=\"https:\/\/www.abraca.cz\/home\/?attachment_id=781\" class=\"wp-image-781\"\/><\/figure><\/li><li class=\"blocks-gallery-item\"><figure><img loading=\"lazy\" width=\"300\" height=\"240\" src=\"https:\/\/www.abraca.cz\/wp-content\/uploads\/clip0235small.jpg\" alt=\"\" data-id=\"782\" data-full-url=\"https:\/\/www.abraca.cz\/wp-content\/uploads\/clip0235small.jpg\" data-link=\"https:\/\/www.abraca.cz\/home\/?attachment_id=782\" class=\"wp-image-782\"\/><\/figure><\/li><li class=\"blocks-gallery-item\"><figure><img loading=\"lazy\" width=\"300\" height=\"240\" src=\"https:\/\/www.abraca.cz\/wp-content\/uploads\/clip0236small.jpg\" alt=\"\" data-id=\"783\" data-full-url=\"https:\/\/www.abraca.cz\/wp-content\/uploads\/clip0236small.jpg\" data-link=\"https:\/\/www.abraca.cz\/home\/?attachment_id=783\" class=\"wp-image-783\"\/><\/figure><\/li><li class=\"blocks-gallery-item\"><figure><img loading=\"lazy\" width=\"300\" height=\"240\" src=\"https:\/\/www.abraca.cz\/wp-content\/uploads\/clip0237small.jpg\" alt=\"\" data-id=\"784\" data-full-url=\"https:\/\/www.abraca.cz\/wp-content\/uploads\/clip0237small.jpg\" data-link=\"https:\/\/www.abraca.cz\/home\/?attachment_id=784\" class=\"wp-image-784\"\/><\/figure><\/li><li class=\"blocks-gallery-item\"><figure><img loading=\"lazy\" width=\"300\" height=\"240\" src=\"https:\/\/www.abraca.cz\/wp-content\/uploads\/clip0238small.jpg\" alt=\"\" data-id=\"785\" data-full-url=\"https:\/\/www.abraca.cz\/wp-content\/uploads\/clip0238small.jpg\" data-link=\"https:\/\/www.abraca.cz\/home\/?attachment_id=785\" class=\"wp-image-785\"\/><\/figure><\/li><li class=\"blocks-gallery-item\"><figure><img loading=\"lazy\" width=\"300\" height=\"240\" src=\"https:\/\/www.abraca.cz\/wp-content\/uploads\/clip0239small.jpg\" alt=\"\" data-id=\"786\" data-full-url=\"https:\/\/www.abraca.cz\/wp-content\/uploads\/clip0239small.jpg\" data-link=\"https:\/\/www.abraca.cz\/home\/?attachment_id=786\" class=\"wp-image-786\"\/><\/figure><\/li><li class=\"blocks-gallery-item\"><figure><img loading=\"lazy\" width=\"300\" height=\"240\" src=\"https:\/\/www.abraca.cz\/wp-content\/uploads\/clip0240small.jpg\" alt=\"\" data-id=\"787\" data-full-url=\"https:\/\/www.abraca.cz\/wp-content\/uploads\/clip0240small.jpg\" data-link=\"https:\/\/www.abraca.cz\/home\/?attachment_id=787\" class=\"wp-image-787\"\/><\/figure><\/li><li class=\"blocks-gallery-item\"><figure><img loading=\"lazy\" width=\"300\" height=\"240\" src=\"https:\/\/www.abraca.cz\/wp-content\/uploads\/clip0241small.jpg\" alt=\"\" data-id=\"788\" data-full-url=\"https:\/\/www.abraca.cz\/wp-content\/uploads\/clip0241small.jpg\" data-link=\"https:\/\/www.abraca.cz\/home\/?attachment_id=788\" class=\"wp-image-788\"\/><\/figure><\/li><\/ul><\/figure>\n<\/div>\n\n\n\n<div class=\"wp-block-column\">\n<p><\/p>\n\n\n\n<h1>ATELIER OPEN 2007<\/h1>\n\n\n\n<p>\u010ctrn\u00e1ct nahl\u00e9dnut\u00ed do ateli\u00e9r\u016f b\u011bhem t\u0159et\u00edho ro\u010dn\u00edku brn\u011bnsk\u00e9ho projektu otev\u0159en\u00fdch ateli\u00e9r\u016f Atelier Open, kter\u00fd po\u0159\u00e1d\u00e1 sdru\u017een\u00ed Magma.<\/p>\n\n\n\n<p>stop\u00e1\u017e:&nbsp; &nbsp;13 minut<\/p>\n<\/div>\n<\/div>\n","protected":false},"excerpt":{"rendered":"<p>ATELIER OPEN 2007 \u010ctrn\u00e1ct nahl\u00e9dnut\u00ed do ateli\u00e9r\u016f b\u011bhem t\u0159et\u00edho ro\u010dn\u00edku brn\u011bnsk\u00e9ho projektu otev\u0159en\u00fdch ateli\u00e9r\u016f Atelier Open, kter\u00fd po\u0159\u00e1d\u00e1 sdru\u017een\u00ed Magma. stop\u00e1\u017e:&nbsp; &nbsp;13 minut<\/p>\n","protected":false},"author":1,"featured_media":0,"parent":0,"menu_order":0,"comment_status":"closed","ping_status":"closed","template":"","meta":[],"_links":{"self":[{"href":"https:\/\/www.abraca.cz\/home\/wp-json\/wp\/v2\/pages\/777"}],"collection":[{"href":"https:\/\/www.abraca.cz\/home\/wp-json\/wp\/v2\/pages"}],"about":[{"href":"https:\/\/www.abraca.cz\/home\/wp-json\/wp\/v2\/types\/page"}],"author":[{"embeddable":true,"href":"https:\/\/www.abraca.cz\/home\/wp-json\/wp\/v2\/users\/1"}],"replies":[{"embeddable":true,"href":"https:\/\/www.abraca.cz\/home\/wp-json\/wp\/v2\/comments?post=777"}],"version-history":[{"count":1,"href":"https:\/\/www.abraca.cz\/home\/wp-json\/wp\/v2\/pages\/777\/revisions"}],"predecessor-version":[{"id":789,"href":"https:\/\/www.abraca.cz\/home\/wp-json\/wp\/v2\/pages\/777\/revisions\/789"}],"wp:attachment":[{"href":"https:\/\/www.abraca.cz\/home\/wp-json\/wp\/v2\/media?parent=777"}],"curies":[{"name":"wp","href":"https:\/\/api.w.org\/{rel}","templated":true}]}}