{"id":747,"date":"2020-11-21T16:19:12","date_gmt":"2020-11-21T15:19:12","guid":{"rendered":"https:\/\/www.abraca.cz\/home\/?page_id=747"},"modified":"2020-11-21T16:19:12","modified_gmt":"2020-11-21T15:19:12","slug":"glastonbury","status":"publish","type":"page","link":"https:\/\/www.abraca.cz\/home\/glastonbury\/","title":{"rendered":"Glastonbury"},"content":{"rendered":"\n<div class=\"wp-block-columns\">\n<div class=\"wp-block-column\">\n<figure class=\"wp-block-gallery columns-3 is-cropped\"><ul class=\"blocks-gallery-grid\"><li class=\"blocks-gallery-item\"><figure><img loading=\"lazy\" width=\"300\" height=\"240\" src=\"https:\/\/www.abraca.cz\/wp-content\/uploads\/clip0186small.jpg\" alt=\"\" data-id=\"748\" data-full-url=\"https:\/\/www.abraca.cz\/wp-content\/uploads\/clip0186small.jpg\" data-link=\"https:\/\/www.abraca.cz\/home\/?attachment_id=748\" class=\"wp-image-748\"\/><\/figure><\/li><li class=\"blocks-gallery-item\"><figure><img loading=\"lazy\" width=\"300\" height=\"240\" src=\"https:\/\/www.abraca.cz\/wp-content\/uploads\/clip0187small.jpg\" alt=\"\" data-id=\"749\" data-full-url=\"https:\/\/www.abraca.cz\/wp-content\/uploads\/clip0187small.jpg\" data-link=\"https:\/\/www.abraca.cz\/home\/?attachment_id=749\" class=\"wp-image-749\"\/><\/figure><\/li><li class=\"blocks-gallery-item\"><figure><img loading=\"lazy\" width=\"300\" height=\"240\" src=\"https:\/\/www.abraca.cz\/wp-content\/uploads\/clip0188small.jpg\" alt=\"\" data-id=\"750\" data-full-url=\"https:\/\/www.abraca.cz\/wp-content\/uploads\/clip0188small.jpg\" data-link=\"https:\/\/www.abraca.cz\/home\/?attachment_id=750\" class=\"wp-image-750\"\/><\/figure><\/li><li class=\"blocks-gallery-item\"><figure><img loading=\"lazy\" width=\"300\" height=\"240\" src=\"https:\/\/www.abraca.cz\/wp-content\/uploads\/clip0189small.jpg\" alt=\"\" data-id=\"751\" data-full-url=\"https:\/\/www.abraca.cz\/wp-content\/uploads\/clip0189small.jpg\" data-link=\"https:\/\/www.abraca.cz\/home\/?attachment_id=751\" class=\"wp-image-751\"\/><\/figure><\/li><li class=\"blocks-gallery-item\"><figure><img loading=\"lazy\" width=\"300\" height=\"240\" src=\"https:\/\/www.abraca.cz\/wp-content\/uploads\/clip0190small.jpg\" alt=\"\" data-id=\"752\" data-full-url=\"https:\/\/www.abraca.cz\/wp-content\/uploads\/clip0190small.jpg\" data-link=\"https:\/\/www.abraca.cz\/home\/?attachment_id=752\" class=\"wp-image-752\"\/><\/figure><\/li><li class=\"blocks-gallery-item\"><figure><img loading=\"lazy\" width=\"300\" height=\"240\" src=\"https:\/\/www.abraca.cz\/wp-content\/uploads\/clip0191small-1.jpg\" alt=\"\" data-id=\"753\" data-full-url=\"https:\/\/www.abraca.cz\/wp-content\/uploads\/clip0191small-1.jpg\" data-link=\"https:\/\/www.abraca.cz\/home\/?attachment_id=753\" class=\"wp-image-753\"\/><\/figure><\/li><\/ul><\/figure>\n<\/div>\n\n\n\n<div class=\"wp-block-column\">\n<p>GLASTONBURY<\/p>\n\n\n\n<p>Proch\u00e1zka mystickou krajinou a opatstv\u00edm v Glastonbury.<\/p>\n\n\n\n<p>stop\u00e1\u017e:&nbsp; &nbsp;6 minut<\/p>\n<\/div>\n<\/div>\n","protected":false},"excerpt":{"rendered":"<p>GLASTONBURY Proch\u00e1zka mystickou krajinou a opatstv\u00edm v Glastonbury. stop\u00e1\u017e:&nbsp; &nbsp;6 minut<\/p>\n","protected":false},"author":1,"featured_media":0,"parent":0,"menu_order":0,"comment_status":"closed","ping_status":"closed","template":"","meta":[],"_links":{"self":[{"href":"https:\/\/www.abraca.cz\/home\/wp-json\/wp\/v2\/pages\/747"}],"collection":[{"href":"https:\/\/www.abraca.cz\/home\/wp-json\/wp\/v2\/pages"}],"about":[{"href":"https:\/\/www.abraca.cz\/home\/wp-json\/wp\/v2\/types\/page"}],"author":[{"embeddable":true,"href":"https:\/\/www.abraca.cz\/home\/wp-json\/wp\/v2\/users\/1"}],"replies":[{"embeddable":true,"href":"https:\/\/www.abraca.cz\/home\/wp-json\/wp\/v2\/comments?post=747"}],"version-history":[{"count":1,"href":"https:\/\/www.abraca.cz\/home\/wp-json\/wp\/v2\/pages\/747\/revisions"}],"predecessor-version":[{"id":754,"href":"https:\/\/www.abraca.cz\/home\/wp-json\/wp\/v2\/pages\/747\/revisions\/754"}],"wp:attachment":[{"href":"https:\/\/www.abraca.cz\/home\/wp-json\/wp\/v2\/media?parent=747"}],"curies":[{"name":"wp","href":"https:\/\/api.w.org\/{rel}","templated":true}]}}