{"id":663,"date":"2020-11-21T16:08:29","date_gmt":"2020-11-21T15:08:29","guid":{"rendered":"https:\/\/www.abraca.cz\/home\/?page_id=663"},"modified":"2020-11-24T07:39:35","modified_gmt":"2020-11-24T06:39:35","slug":"benatky","status":"publish","type":"page","link":"https:\/\/www.abraca.cz\/home\/benatky\/","title":{"rendered":"Ben\u00e1tky"},"content":{"rendered":"\n<div class=\"wp-block-columns\">\n<div class=\"wp-block-column\">\n<figure class=\"wp-block-gallery columns-3 is-cropped\"><ul class=\"blocks-gallery-grid\"><li class=\"blocks-gallery-item\"><figure><img loading=\"lazy\" width=\"300\" height=\"240\" src=\"https:\/\/www.abraca.cz\/wp-content\/uploads\/clip0062small.jpg\" alt=\"\" data-id=\"664\" data-full-url=\"https:\/\/www.abraca.cz\/wp-content\/uploads\/clip0062small.jpg\" data-link=\"https:\/\/www.abraca.cz\/home\/?attachment_id=664\" class=\"wp-image-664\"\/><\/figure><\/li><li class=\"blocks-gallery-item\"><figure><img loading=\"lazy\" width=\"300\" height=\"240\" src=\"https:\/\/www.abraca.cz\/wp-content\/uploads\/clip0063small-1.jpg\" alt=\"\" data-id=\"665\" data-full-url=\"https:\/\/www.abraca.cz\/wp-content\/uploads\/clip0063small-1.jpg\" data-link=\"https:\/\/www.abraca.cz\/home\/?attachment_id=665\" class=\"wp-image-665\"\/><\/figure><\/li><li class=\"blocks-gallery-item\"><figure><img loading=\"lazy\" width=\"300\" height=\"240\" src=\"https:\/\/www.abraca.cz\/wp-content\/uploads\/clip0064small.jpg\" alt=\"\" data-id=\"666\" data-full-url=\"https:\/\/www.abraca.cz\/wp-content\/uploads\/clip0064small.jpg\" data-link=\"https:\/\/www.abraca.cz\/home\/?attachment_id=666\" class=\"wp-image-666\"\/><\/figure><\/li><li class=\"blocks-gallery-item\"><figure><img loading=\"lazy\" width=\"300\" height=\"240\" src=\"https:\/\/www.abraca.cz\/wp-content\/uploads\/clip0065small.jpg\" alt=\"\" data-id=\"667\" data-full-url=\"https:\/\/www.abraca.cz\/wp-content\/uploads\/clip0065small.jpg\" data-link=\"https:\/\/www.abraca.cz\/home\/?attachment_id=667\" class=\"wp-image-667\"\/><\/figure><\/li><li class=\"blocks-gallery-item\"><figure><img loading=\"lazy\" width=\"300\" height=\"240\" src=\"https:\/\/www.abraca.cz\/wp-content\/uploads\/clip0066small.jpg\" alt=\"\" data-id=\"668\" data-full-url=\"https:\/\/www.abraca.cz\/wp-content\/uploads\/clip0066small.jpg\" data-link=\"https:\/\/www.abraca.cz\/home\/?attachment_id=668\" class=\"wp-image-668\"\/><\/figure><\/li><li class=\"blocks-gallery-item\"><figure><img loading=\"lazy\" width=\"300\" height=\"240\" src=\"https:\/\/www.abraca.cz\/wp-content\/uploads\/clip0067small.jpg\" alt=\"\" data-id=\"669\" data-full-url=\"https:\/\/www.abraca.cz\/wp-content\/uploads\/clip0067small.jpg\" data-link=\"https:\/\/www.abraca.cz\/home\/?attachment_id=669\" class=\"wp-image-669\"\/><\/figure><\/li><\/ul><\/figure>\n<\/div>\n\n\n\n<div class=\"wp-block-column\">\n<h1>BEN\u00c1TKY<\/h1>\n\n\n\n<p>Mal\u00e1 pohlednice z turistick\u00e9 proch\u00e1zky po Ben\u00e1tk\u00e1ch s&nbsp;proj\u00ed\u017e\u010fkou po Canale Grande, s&nbsp;nahl\u00e9dnut\u00edm na Ryb\u00ed trh a na \u010dil\u00fd provoz gondoli\u00e9r\u016f.<\/p>\n\n\n\n<p>stop\u00e1\u017e:&nbsp; &nbsp;24 minut<\/p>\n<\/div>\n<\/div>\n","protected":false},"excerpt":{"rendered":"<p>BEN\u00c1TKY Mal\u00e1 pohlednice z turistick\u00e9 proch\u00e1zky po Ben\u00e1tk\u00e1ch s&nbsp;proj\u00ed\u017e\u010fkou po Canale Grande, s&nbsp;nahl\u00e9dnut\u00edm na Ryb\u00ed trh a na \u010dil\u00fd provoz gondoli\u00e9r\u016f. stop\u00e1\u017e:&nbsp; &nbsp;24 minut<\/p>\n","protected":false},"author":1,"featured_media":0,"parent":0,"menu_order":0,"comment_status":"closed","ping_status":"closed","template":"","meta":[],"_links":{"self":[{"href":"https:\/\/www.abraca.cz\/home\/wp-json\/wp\/v2\/pages\/663"}],"collection":[{"href":"https:\/\/www.abraca.cz\/home\/wp-json\/wp\/v2\/pages"}],"about":[{"href":"https:\/\/www.abraca.cz\/home\/wp-json\/wp\/v2\/types\/page"}],"author":[{"embeddable":true,"href":"https:\/\/www.abraca.cz\/home\/wp-json\/wp\/v2\/users\/1"}],"replies":[{"embeddable":true,"href":"https:\/\/www.abraca.cz\/home\/wp-json\/wp\/v2\/comments?post=663"}],"version-history":[{"count":3,"href":"https:\/\/www.abraca.cz\/home\/wp-json\/wp\/v2\/pages\/663\/revisions"}],"predecessor-version":[{"id":1441,"href":"https:\/\/www.abraca.cz\/home\/wp-json\/wp\/v2\/pages\/663\/revisions\/1441"}],"wp:attachment":[{"href":"https:\/\/www.abraca.cz\/home\/wp-json\/wp\/v2\/media?parent=663"}],"curies":[{"name":"wp","href":"https:\/\/api.w.org\/{rel}","templated":true}]}}