{"id":605,"date":"2020-11-21T11:00:15","date_gmt":"2020-11-21T10:00:15","guid":{"rendered":"https:\/\/www.abraca.cz\/home\/?page_id=605"},"modified":"2020-11-21T11:00:15","modified_gmt":"2020-11-21T10:00:15","slug":"marajo","status":"publish","type":"page","link":"https:\/\/www.abraca.cz\/home\/marajo\/","title":{"rendered":"Marajo"},"content":{"rendered":"\n<div class=\"wp-block-columns\">\n<div class=\"wp-block-column\">\n<figure class=\"wp-block-gallery columns-3 is-cropped\"><ul class=\"blocks-gallery-grid\"><li class=\"blocks-gallery-item\"><figure><img loading=\"lazy\" width=\"300\" height=\"240\" src=\"https:\/\/www.abraca.cz\/wp-content\/uploads\/clip0109small.jpg\" alt=\"\" data-id=\"606\" data-full-url=\"https:\/\/www.abraca.cz\/wp-content\/uploads\/clip0109small.jpg\" data-link=\"https:\/\/www.abraca.cz\/home\/?attachment_id=606\" class=\"wp-image-606\"\/><\/figure><\/li><li class=\"blocks-gallery-item\"><figure><img loading=\"lazy\" width=\"300\" height=\"240\" src=\"https:\/\/www.abraca.cz\/wp-content\/uploads\/clip0110small.jpg\" alt=\"\" data-id=\"607\" data-full-url=\"https:\/\/www.abraca.cz\/wp-content\/uploads\/clip0110small.jpg\" data-link=\"https:\/\/www.abraca.cz\/home\/?attachment_id=607\" class=\"wp-image-607\"\/><\/figure><\/li><li class=\"blocks-gallery-item\"><figure><img loading=\"lazy\" width=\"300\" height=\"240\" src=\"https:\/\/www.abraca.cz\/wp-content\/uploads\/clip0111small.jpg\" alt=\"\" data-id=\"608\" data-full-url=\"https:\/\/www.abraca.cz\/wp-content\/uploads\/clip0111small.jpg\" data-link=\"https:\/\/www.abraca.cz\/home\/?attachment_id=608\" class=\"wp-image-608\"\/><\/figure><\/li><li class=\"blocks-gallery-item\"><figure><img loading=\"lazy\" width=\"300\" height=\"240\" src=\"https:\/\/www.abraca.cz\/wp-content\/uploads\/clip0112small.jpg\" alt=\"\" data-id=\"609\" data-full-url=\"https:\/\/www.abraca.cz\/wp-content\/uploads\/clip0112small.jpg\" data-link=\"https:\/\/www.abraca.cz\/home\/?attachment_id=609\" class=\"wp-image-609\"\/><\/figure><\/li><li class=\"blocks-gallery-item\"><figure><img loading=\"lazy\" width=\"300\" height=\"240\" src=\"https:\/\/www.abraca.cz\/wp-content\/uploads\/clip0113small.jpg\" alt=\"\" data-id=\"610\" data-full-url=\"https:\/\/www.abraca.cz\/wp-content\/uploads\/clip0113small.jpg\" data-link=\"https:\/\/www.abraca.cz\/home\/?attachment_id=610\" class=\"wp-image-610\"\/><\/figure><\/li><li class=\"blocks-gallery-item\"><figure><img loading=\"lazy\" width=\"300\" height=\"240\" src=\"https:\/\/www.abraca.cz\/wp-content\/uploads\/clip0114small.jpg\" alt=\"\" data-id=\"611\" data-full-url=\"https:\/\/www.abraca.cz\/wp-content\/uploads\/clip0114small.jpg\" data-link=\"https:\/\/www.abraca.cz\/home\/?attachment_id=611\" class=\"wp-image-611\"\/><\/figure><\/li><li class=\"blocks-gallery-item\"><figure><img loading=\"lazy\" width=\"300\" height=\"240\" src=\"https:\/\/www.abraca.cz\/wp-content\/uploads\/clip0115small.jpg\" alt=\"\" data-id=\"612\" data-full-url=\"https:\/\/www.abraca.cz\/wp-content\/uploads\/clip0115small.jpg\" data-link=\"https:\/\/www.abraca.cz\/home\/?attachment_id=612\" class=\"wp-image-612\"\/><\/figure><\/li><li class=\"blocks-gallery-item\"><figure><img loading=\"lazy\" width=\"300\" height=\"240\" src=\"https:\/\/www.abraca.cz\/wp-content\/uploads\/clip0116small.jpg\" alt=\"\" data-id=\"613\" data-full-url=\"https:\/\/www.abraca.cz\/wp-content\/uploads\/clip0116small.jpg\" data-link=\"https:\/\/www.abraca.cz\/home\/?attachment_id=613\" class=\"wp-image-613\"\/><\/figure><\/li><li class=\"blocks-gallery-item\"><figure><img loading=\"lazy\" width=\"300\" height=\"240\" src=\"https:\/\/www.abraca.cz\/wp-content\/uploads\/clip0117small.jpg\" alt=\"\" data-id=\"614\" data-full-url=\"https:\/\/www.abraca.cz\/wp-content\/uploads\/clip0117small.jpg\" data-link=\"https:\/\/www.abraca.cz\/home\/?attachment_id=614\" class=\"wp-image-614\"\/><\/figure><\/li><li class=\"blocks-gallery-item\"><figure><img loading=\"lazy\" width=\"300\" height=\"240\" src=\"https:\/\/www.abraca.cz\/wp-content\/uploads\/clip0118small-1.jpg\" alt=\"\" data-id=\"615\" data-full-url=\"https:\/\/www.abraca.cz\/wp-content\/uploads\/clip0118small-1.jpg\" data-link=\"https:\/\/www.abraca.cz\/home\/?attachment_id=615\" class=\"wp-image-615\"\/><\/figure><\/li><\/ul><\/figure>\n<\/div>\n\n\n\n<div class=\"wp-block-column\">\n<p><\/p>\n\n\n\n<p>MARAJO<\/p>\n\n\n\n<p>O chovu papou\u0161k\u016f v chovatelsk\u00e9m sdru\u017een\u00ed Marajo a o snaze rozmno\u017eovat ohro\u017een\u00e9 druhy v&nbsp;um\u011bl\u00e9m odchovu ml\u00e1\u010fat. Chovan\u00e9 druhy papou\u0161k\u016f poch\u00e1z\u00ed z Asie, Afriky a p\u0159edev\u0161\u00edm z Ji\u017en\u00ed Ameriky a Austr\u00e1lie.<br><br><\/p>\n\n\n\n<p>stop\u00e1\u017e: &nbsp;&nbsp;15 minut<\/p>\n<\/div>\n<\/div>\n","protected":false},"excerpt":{"rendered":"<p>MARAJO O chovu papou\u0161k\u016f v chovatelsk\u00e9m sdru\u017een\u00ed Marajo a o snaze rozmno\u017eovat ohro\u017een\u00e9 druhy v&nbsp;um\u011bl\u00e9m odchovu ml\u00e1\u010fat. Chovan\u00e9 druhy papou\u0161k\u016f poch\u00e1z\u00ed z Asie, Afriky a p\u0159edev\u0161\u00edm z Ji\u017en\u00ed Ameriky a Austr\u00e1lie. stop\u00e1\u017e: &nbsp;&nbsp;15 minut<\/p>\n","protected":false},"author":1,"featured_media":0,"parent":0,"menu_order":0,"comment_status":"closed","ping_status":"closed","template":"","meta":[],"_links":{"self":[{"href":"https:\/\/www.abraca.cz\/home\/wp-json\/wp\/v2\/pages\/605"}],"collection":[{"href":"https:\/\/www.abraca.cz\/home\/wp-json\/wp\/v2\/pages"}],"about":[{"href":"https:\/\/www.abraca.cz\/home\/wp-json\/wp\/v2\/types\/page"}],"author":[{"embeddable":true,"href":"https:\/\/www.abraca.cz\/home\/wp-json\/wp\/v2\/users\/1"}],"replies":[{"embeddable":true,"href":"https:\/\/www.abraca.cz\/home\/wp-json\/wp\/v2\/comments?post=605"}],"version-history":[{"count":1,"href":"https:\/\/www.abraca.cz\/home\/wp-json\/wp\/v2\/pages\/605\/revisions"}],"predecessor-version":[{"id":616,"href":"https:\/\/www.abraca.cz\/home\/wp-json\/wp\/v2\/pages\/605\/revisions\/616"}],"wp:attachment":[{"href":"https:\/\/www.abraca.cz\/home\/wp-json\/wp\/v2\/media?parent=605"}],"curies":[{"name":"wp","href":"https:\/\/api.w.org\/{rel}","templated":true}]}}