{"id":333,"date":"2020-11-19T10:29:41","date_gmt":"2020-11-19T09:29:41","guid":{"rendered":"https:\/\/www.abraca.cz\/home\/?page_id=333"},"modified":"2020-11-21T08:44:54","modified_gmt":"2020-11-21T07:44:54","slug":"ley-zona","status":"publish","type":"page","link":"https:\/\/www.abraca.cz\/home\/ley-zona\/","title":{"rendered":"Ley z\u00f3na"},"content":{"rendered":"\n<div class=\"wp-block-columns\">\n<div class=\"wp-block-column\">\n<figure class=\"wp-block-gallery columns-3 is-cropped\"><ul class=\"blocks-gallery-grid\"><li class=\"blocks-gallery-item\"><figure><img loading=\"lazy\" width=\"300\" height=\"240\" src=\"https:\/\/www.abraca.cz\/wp-content\/uploads\/clip0021small-2.jpg\" alt=\"\" data-id=\"334\" data-full-url=\"https:\/\/www.abraca.cz\/wp-content\/uploads\/clip0021small-2.jpg\" data-link=\"https:\/\/www.abraca.cz\/home\/?attachment_id=334\" class=\"wp-image-334\"\/><\/figure><\/li><li class=\"blocks-gallery-item\"><figure><img loading=\"lazy\" width=\"300\" height=\"240\" src=\"https:\/\/www.abraca.cz\/wp-content\/uploads\/clip0022small-1.jpg\" alt=\"\" data-id=\"335\" data-full-url=\"https:\/\/www.abraca.cz\/wp-content\/uploads\/clip0022small-1.jpg\" data-link=\"https:\/\/www.abraca.cz\/home\/?attachment_id=335\" class=\"wp-image-335\"\/><\/figure><\/li><li class=\"blocks-gallery-item\"><figure><img loading=\"lazy\" width=\"300\" height=\"240\" src=\"https:\/\/www.abraca.cz\/wp-content\/uploads\/clip0023small.jpg\" alt=\"\" data-id=\"336\" data-full-url=\"https:\/\/www.abraca.cz\/wp-content\/uploads\/clip0023small.jpg\" data-link=\"https:\/\/www.abraca.cz\/home\/?attachment_id=336\" class=\"wp-image-336\"\/><\/figure><\/li><li class=\"blocks-gallery-item\"><figure><img loading=\"lazy\" width=\"300\" height=\"240\" src=\"https:\/\/www.abraca.cz\/wp-content\/uploads\/clip0024small.jpg\" alt=\"\" data-id=\"337\" data-full-url=\"https:\/\/www.abraca.cz\/wp-content\/uploads\/clip0024small.jpg\" data-link=\"https:\/\/www.abraca.cz\/home\/?attachment_id=337\" class=\"wp-image-337\"\/><\/figure><\/li><li class=\"blocks-gallery-item\"><figure><img loading=\"lazy\" width=\"300\" height=\"240\" src=\"https:\/\/www.abraca.cz\/wp-content\/uploads\/clip0025small.jpg\" alt=\"\" data-id=\"338\" data-full-url=\"https:\/\/www.abraca.cz\/wp-content\/uploads\/clip0025small.jpg\" data-link=\"https:\/\/www.abraca.cz\/home\/?attachment_id=338\" class=\"wp-image-338\"\/><\/figure><\/li><li class=\"blocks-gallery-item\"><figure><img loading=\"lazy\" width=\"300\" height=\"240\" src=\"https:\/\/www.abraca.cz\/wp-content\/uploads\/clip0026small.jpg\" alt=\"\" data-id=\"339\" data-full-url=\"https:\/\/www.abraca.cz\/wp-content\/uploads\/clip0026small.jpg\" data-link=\"https:\/\/www.abraca.cz\/home\/?attachment_id=339\" class=\"wp-image-339\"\/><\/figure><\/li><li class=\"blocks-gallery-item\"><figure><img loading=\"lazy\" width=\"300\" height=\"240\" src=\"https:\/\/www.abraca.cz\/wp-content\/uploads\/clip0027small.jpg\" alt=\"\" data-id=\"340\" data-full-url=\"https:\/\/www.abraca.cz\/wp-content\/uploads\/clip0027small.jpg\" data-link=\"https:\/\/www.abraca.cz\/home\/?attachment_id=340\" class=\"wp-image-340\"\/><\/figure><\/li><li class=\"blocks-gallery-item\"><figure><img loading=\"lazy\" width=\"300\" height=\"240\" src=\"https:\/\/www.abraca.cz\/wp-content\/uploads\/clip0029small-1.jpg\" alt=\"\" data-id=\"341\" data-full-url=\"https:\/\/www.abraca.cz\/wp-content\/uploads\/clip0029small-1.jpg\" data-link=\"https:\/\/www.abraca.cz\/home\/?attachment_id=341\" class=\"wp-image-341\"\/><\/figure><\/li><\/ul><\/figure>\n<\/div>\n\n\n\n<div class=\"wp-block-column\">\n<p>LEY&nbsp;&nbsp; Z\u00d3NA<\/p>\n\n\n\n<p>T\u00e9m\u011b\u0159 medita\u010dn\u00ed charakter um\u011bleck\u00e9ho dokumentu zachycuje jedine\u010dnou atmosf\u00e9ru&nbsp; polozbo\u0159en\u00e9ho kl\u00e1\u0161tera Rosa Coeli v&nbsp;Doln\u00edch Kounic\u00edch&nbsp; b\u011bhem jednoho dne, kdy se v&nbsp;n\u011bm konal plen\u00e9r brn\u011bnsk\u00fdch v\u00fdtvarn\u00edk\u016f. Ve spojen\u00ed s&nbsp;hudbou pronik\u00e1 k div\u00e1k\u016fm z&nbsp;obraz\u016f kl\u00e1\u0161tera harmonie a&nbsp; posv\u00e1tn\u00fd m\u00edr. <\/p>\n\n\n\n<p>stop\u00e1\u017e:\u00a0  15 minut<\/p>\n<\/div>\n<\/div>\n","protected":false},"excerpt":{"rendered":"<p>LEY&nbsp;&nbsp; Z\u00d3NA T\u00e9m\u011b\u0159 medita\u010dn\u00ed charakter um\u011bleck\u00e9ho dokumentu zachycuje jedine\u010dnou atmosf\u00e9ru&nbsp; polozbo\u0159en\u00e9ho kl\u00e1\u0161tera Rosa Coeli v&nbsp;Doln\u00edch Kounic\u00edch&nbsp; b\u011bhem jednoho dne, kdy se v&nbsp;n\u011bm konal plen\u00e9r brn\u011bnsk\u00fdch v\u00fdtvarn\u00edk\u016f. Ve spojen\u00ed s&nbsp;hudbou pronik\u00e1 k div\u00e1k\u016fm z&nbsp;obraz\u016f kl\u00e1\u0161tera harmonie a&nbsp; posv\u00e1tn\u00fd m\u00edr. stop\u00e1\u017e:\u00a0 15 minut<\/p>\n","protected":false},"author":1,"featured_media":0,"parent":0,"menu_order":0,"comment_status":"closed","ping_status":"closed","template":"","meta":[],"_links":{"self":[{"href":"https:\/\/www.abraca.cz\/home\/wp-json\/wp\/v2\/pages\/333"}],"collection":[{"href":"https:\/\/www.abraca.cz\/home\/wp-json\/wp\/v2\/pages"}],"about":[{"href":"https:\/\/www.abraca.cz\/home\/wp-json\/wp\/v2\/types\/page"}],"author":[{"embeddable":true,"href":"https:\/\/www.abraca.cz\/home\/wp-json\/wp\/v2\/users\/1"}],"replies":[{"embeddable":true,"href":"https:\/\/www.abraca.cz\/home\/wp-json\/wp\/v2\/comments?post=333"}],"version-history":[{"count":5,"href":"https:\/\/www.abraca.cz\/home\/wp-json\/wp\/v2\/pages\/333\/revisions"}],"predecessor-version":[{"id":430,"href":"https:\/\/www.abraca.cz\/home\/wp-json\/wp\/v2\/pages\/333\/revisions\/430"}],"wp:attachment":[{"href":"https:\/\/www.abraca.cz\/home\/wp-json\/wp\/v2\/media?parent=333"}],"curies":[{"name":"wp","href":"https:\/\/api.w.org\/{rel}","templated":true}]}}

Ley zóna

<div class="wp-block-columns">
<div class="wp-block-column">
<figure class="wp-block-gallery columns-3 is-cropped"><ul class="blocks-gallery-grid"><li class="blocks-gallery-item"><figure><img loading="lazy" width="300" height="240" src="https://www.abraca.cz/wp-content/uploads/clip0021small-2.jpg" alt="" data-id="334" data-full-url="https://www.abraca.cz/wp-content/uploads/clip0021small-2.jpg" data-link="https://www.abraca.cz/home/?attachment_id=334" class="wp-image-334"/></figure></li><li class="blocks-gallery-item"><figure><img loading="lazy" width="300" height="240" src="https://www.abraca.cz/wp-content/uploads/clip0022small-1.jpg" alt="" data-id="335" data-full-url="https://www.abraca.cz/wp-content/uploads/clip0022small-1.jpg" data-link="https://www.abraca.cz/home/?attachment_id=335" class="wp-image-335"/></figure></li><li class="blocks-gallery-item"><figure><img loading="lazy" width="300" height="240" src="https://www.abraca.cz/wp-content/uploads/clip0023small.jpg" alt="" data-id="336" data-full-url="https://www.abraca.cz/wp-content/uploads/clip0023small.jpg" data-link="https://www.abraca.cz/home/?attachment_id=336" class="wp-image-336"/></figure></li><li class="blocks-gallery-item"><figure><img loading="lazy" width="300" height="240" src="https://www.abraca.cz/wp-content/uploads/clip0024small.jpg" alt="" data-id="337" data-full-url="https://www.abraca.cz/wp-content/uploads/clip0024small.jpg" data-link="https://www.abraca.cz/home/?attachment_id=337" class="wp-image-337"/></figure></li><li class="blocks-gallery-item"><figure><img loading="lazy" width="300" height="240" src="https://www.abraca.cz/wp-content/uploads/clip0025small.jpg" alt="" data-id="338" data-full-url="https://www.abraca.cz/wp-content/uploads/clip0025small.jpg" data-link="https://www.abraca.cz/home/?attachment_id=338" class="wp-image-338"/></figure></li><li class="blocks-gallery-item"><figure><img loading="lazy" width="300" height="240" src="https://www.abraca.cz/wp-content/uploads/clip0026small.jpg" alt="" data-id="339" data-full-url="https://www.abraca.cz/wp-content/uploads/clip0026small.jpg" data-link="https://www.abraca.cz/home/?attachment_id=339" class="wp-image-339"/></figure></li><li class="blocks-gallery-item"><figure><img loading="lazy" width="300" height="240" src="https://www.abraca.cz/wp-content/uploads/clip0027small.jpg" alt="" data-id="340" data-full-url="https://www.abraca.cz/wp-content/uploads/clip0027small.jpg" data-link="https://www.abraca.cz/home/?attachment_id=340" class="wp-image-340"/></figure></li><li class="blocks-gallery-item"><figure><img loading="lazy" width="300" height="240" src="https://www.abraca.cz/wp-content/uploads/clip0029small-1.jpg" alt="" data-id="341" data-full-url="https://www.abraca.cz/wp-content/uploads/clip0029small-1.jpg" data-link="https://www.abraca.cz/home/?attachment_id=341" class="wp-image-341"/></figure></li></ul></figure>
</div>



<div class="wp-block-column">
<p>LEY&nbsp;&nbsp; ZÓNA</p>



<p>Téměř meditační charakter uměleckého dokumentu zachycuje jedinečnou atmosféru&nbsp; polozbořeného kláštera Rosa Coeli v&nbsp;Dolních Kounicích&nbsp; během jednoho dne, kdy se v&nbsp;něm konal plenér brněnských výtvarníků. Ve spojení s&nbsp;hudbou proniká k divákům z&nbsp;obrazů kláštera harmonie a&nbsp; posvátný mír. </p>



<p>stopáž:   15 minut</p>
</div>
</div>

<p>LEY&nbsp;&nbsp; ZÓNA Téměř meditační charakter uměleckého dokumentu zachycuje jedinečnou atmosféru&nbsp; polozbořeného kláštera Rosa Coeli v&nbsp;Dolních Kounicích&nbsp; během jednoho dne, kdy se v&nbsp;něm konal plenér brněnských výtvarníků. Ve spojení s&nbsp;hudbou proniká k divákům z&nbsp;obrazů kláštera harmonie a&nbsp; posvátný mír. stopáž:  15 minut</p>
