{"id":1671,"date":"2024-04-19T16:13:11","date_gmt":"2024-04-19T15:13:11","guid":{"rendered":"https:\/\/www.abraca.cz\/home\/?page_id=1671"},"modified":"2024-04-19T16:25:09","modified_gmt":"2024-04-19T15:25:09","slug":"malorka-palma-alcudia-port-de-polenca","status":"publish","type":"page","link":"https:\/\/www.abraca.cz\/home\/malorka-palma-alcudia-port-de-polenca\/","title":{"rendered":"Malorka-Palma, Alcudia, Port de Polenca"},"content":{"rendered":"\n<div class=\"wp-block-columns\">\n<div class=\"wp-block-column\">\n<div class=\"wp-block-columns\">\n<div class=\"wp-block-column\">\n<figure class=\"wp-block-image size-large\"><img loading=\"lazy\" width=\"300\" height=\"240\" src=\"https:\/\/www.abraca.cz\/wp-content\/uploads\/small0684_1.jpg\" alt=\"\" class=\"wp-image-1672\"\/><\/figure>\n\n\n\n<figure class=\"wp-block-image size-large\"><img loading=\"lazy\" width=\"300\" height=\"240\" src=\"https:\/\/www.abraca.cz\/wp-content\/uploads\/small0683_1.jpg\" alt=\"\" class=\"wp-image-1675\"\/><\/figure>\n\n\n\n<figure class=\"wp-block-image size-large\"><img loading=\"lazy\" width=\"300\" height=\"240\" src=\"https:\/\/www.abraca.cz\/wp-content\/uploads\/small0687_1.jpg\" alt=\"\" class=\"wp-image-1678\"\/><\/figure>\n<\/div>\n\n\n\n<div class=\"wp-block-column\">\n<figure class=\"wp-block-image size-large\"><img loading=\"lazy\" width=\"300\" height=\"240\" src=\"https:\/\/www.abraca.cz\/wp-content\/uploads\/small0681_1.jpg\" alt=\"\" class=\"wp-image-1673\"\/><\/figure>\n\n\n\n<figure class=\"wp-block-image size-large\"><img loading=\"lazy\" width=\"300\" height=\"240\" src=\"https:\/\/www.abraca.cz\/wp-content\/uploads\/small0685_1.jpg\" alt=\"\" class=\"wp-image-1676\"\/><\/figure>\n\n\n\n<figure class=\"wp-block-image size-large\"><img loading=\"lazy\" width=\"300\" height=\"240\" src=\"https:\/\/www.abraca.cz\/wp-content\/uploads\/small0688_1.jpg\" alt=\"\" class=\"wp-image-1679\"\/><\/figure>\n\n\n\n<figure class=\"wp-block-image size-large\"><img loading=\"lazy\" width=\"300\" height=\"240\" src=\"https:\/\/www.abraca.cz\/wp-content\/uploads\/small0687_1_1.jpg\" alt=\"\" class=\"wp-image-1689\"\/><\/figure>\n<\/div>\n\n\n\n<div class=\"wp-block-column\">\n<figure class=\"wp-block-image size-large\"><img loading=\"lazy\" width=\"300\" height=\"240\" src=\"https:\/\/www.abraca.cz\/wp-content\/uploads\/small0682_1.jpg\" alt=\"\" class=\"wp-image-1674\"\/><\/figure>\n\n\n\n<figure class=\"wp-block-image size-large\"><img loading=\"lazy\" width=\"300\" height=\"240\" src=\"https:\/\/www.abraca.cz\/wp-content\/uploads\/small0686_1.jpg\" alt=\"\" class=\"wp-image-1677\"\/><\/figure>\n\n\n\n<figure class=\"wp-block-image size-large\"><img loading=\"lazy\" width=\"300\" height=\"240\" src=\"https:\/\/www.abraca.cz\/wp-content\/uploads\/small0689_1-1.jpg\" alt=\"\" class=\"wp-image-1686\"\/><\/figure>\n<\/div>\n<\/div>\n<\/div>\n\n\n\n<div class=\"wp-block-column\">\n<ul><li><\/li><\/ul>\n\n\n\n<p>MALORKA \u2013 PALMA,  ALCUDIA,  PORT DE POLLENCA<\/p>\n\n\n\n<p>Z prohl\u00eddky m\u011bst na Malorce<\/p>\n\n\n\n<p>stop\u00e1\u017e:&nbsp;&nbsp;&nbsp; 9 minut<\/p>\n<\/div>\n<\/div>\n\n\n\n<p><\/p>\n","protected":false},"excerpt":{"rendered":"<p>MALORKA \u2013 PALMA, ALCUDIA, PORT DE POLLENCA Z prohl\u00eddky m\u011bst na Malorce stop\u00e1\u017e:&nbsp;&nbsp;&nbsp; 9 minut<\/p>\n","protected":false},"author":1,"featured_media":0,"parent":0,"menu_order":0,"comment_status":"closed","ping_status":"closed","template":"","meta":[],"_links":{"self":[{"href":"https:\/\/www.abraca.cz\/home\/wp-json\/wp\/v2\/pages\/1671"}],"collection":[{"href":"https:\/\/www.abraca.cz\/home\/wp-json\/wp\/v2\/pages"}],"about":[{"href":"https:\/\/www.abraca.cz\/home\/wp-json\/wp\/v2\/types\/page"}],"author":[{"embeddable":true,"href":"https:\/\/www.abraca.cz\/home\/wp-json\/wp\/v2\/users\/1"}],"replies":[{"embeddable":true,"href":"https:\/\/www.abraca.cz\/home\/wp-json\/wp\/v2\/comments?post=1671"}],"version-history":[{"count":3,"href":"https:\/\/www.abraca.cz\/home\/wp-json\/wp\/v2\/pages\/1671\/revisions"}],"predecessor-version":[{"id":1692,"href":"https:\/\/www.abraca.cz\/home\/wp-json\/wp\/v2\/pages\/1671\/revisions\/1692"}],"wp:attachment":[{"href":"https:\/\/www.abraca.cz\/home\/wp-json\/wp\/v2\/media?parent=1671"}],"curies":[{"name":"wp","href":"https:\/\/api.w.org\/{rel}","templated":true}]}}

<div class="wp-block-columns">
<div class="wp-block-column">
<div class="wp-block-columns">
<div class="wp-block-column">
<figure class="wp-block-image size-large"><img loading="lazy" width="300" height="240" src="https://www.abraca.cz/wp-content/uploads/small0684_1.jpg" alt="" class="wp-image-1672"/></figure>



<figure class="wp-block-image size-large"><img loading="lazy" width="300" height="240" src="https://www.abraca.cz/wp-content/uploads/small0683_1.jpg" alt="" class="wp-image-1675"/></figure>



<figure class="wp-block-image size-large"><img loading="lazy" width="300" height="240" src="https://www.abraca.cz/wp-content/uploads/small0687_1.jpg" alt="" class="wp-image-1678"/></figure>
</div>



<div class="wp-block-column">
<figure class="wp-block-image size-large"><img loading="lazy" width="300" height="240" src="https://www.abraca.cz/wp-content/uploads/small0681_1.jpg" alt="" class="wp-image-1673"/></figure>



<figure class="wp-block-image size-large"><img loading="lazy" width="300" height="240" src="https://www.abraca.cz/wp-content/uploads/small0685_1.jpg" alt="" class="wp-image-1676"/></figure>



<figure class="wp-block-image size-large"><img loading="lazy" width="300" height="240" src="https://www.abraca.cz/wp-content/uploads/small0688_1.jpg" alt="" class="wp-image-1679"/></figure>



<figure class="wp-block-image size-large"><img loading="lazy" width="300" height="240" src="https://www.abraca.cz/wp-content/uploads/small0687_1_1.jpg" alt="" class="wp-image-1689"/></figure>
</div>



<div class="wp-block-column">
<figure class="wp-block-image size-large"><img loading="lazy" width="300" height="240" src="https://www.abraca.cz/wp-content/uploads/small0682_1.jpg" alt="" class="wp-image-1674"/></figure>



<figure class="wp-block-image size-large"><img loading="lazy" width="300" height="240" src="https://www.abraca.cz/wp-content/uploads/small0686_1.jpg" alt="" class="wp-image-1677"/></figure>



<figure class="wp-block-image size-large"><img loading="lazy" width="300" height="240" src="https://www.abraca.cz/wp-content/uploads/small0689_1-1.jpg" alt="" class="wp-image-1686"/></figure>
</div>
</div>
</div>



<div class="wp-block-column">
<ul><li></li></ul>



<p>MALORKA – PALMA,  ALCUDIA,  PORT DE POLLENCA</p>



<p>Z prohlídky měst na Malorce</p>



<p>stopáž:&nbsp;&nbsp;&nbsp; 9 minut</p>
</div>
</div>



<p></p>

<p>MALORKA – PALMA, ALCUDIA, PORT DE POLLENCA Z prohlídky měst na Malorce stopáž:&nbsp;&nbsp;&nbsp; 9 minut</p>
