{"id":1331,"date":"2020-11-21T17:31:42","date_gmt":"2020-11-21T16:31:42","guid":{"rendered":"https:\/\/www.abraca.cz\/home\/?page_id=1331"},"modified":"2020-11-21T17:31:42","modified_gmt":"2020-11-21T16:31:42","slug":"col-galibier","status":"publish","type":"page","link":"https:\/\/www.abraca.cz\/home\/col-galibier\/","title":{"rendered":"Col Galibier"},"content":{"rendered":"\n<div class=\"wp-block-columns\">\n<div class=\"wp-block-column\">\n<figure class=\"wp-block-gallery columns-3 is-cropped\"><ul class=\"blocks-gallery-grid\"><li class=\"blocks-gallery-item\"><figure><img loading=\"lazy\" width=\"300\" height=\"169\" src=\"https:\/\/www.abraca.cz\/wp-content\/uploads\/clip0648small.jpg\" alt=\"\" data-id=\"1332\" data-full-url=\"https:\/\/www.abraca.cz\/wp-content\/uploads\/clip0648small.jpg\" data-link=\"https:\/\/www.abraca.cz\/home\/?attachment_id=1332\" class=\"wp-image-1332\"\/><\/figure><\/li><li class=\"blocks-gallery-item\"><figure><img loading=\"lazy\" width=\"300\" height=\"169\" src=\"https:\/\/www.abraca.cz\/wp-content\/uploads\/clip0649small.jpg\" alt=\"\" data-id=\"1333\" data-full-url=\"https:\/\/www.abraca.cz\/wp-content\/uploads\/clip0649small.jpg\" data-link=\"https:\/\/www.abraca.cz\/home\/?attachment_id=1333\" class=\"wp-image-1333\"\/><\/figure><\/li><li class=\"blocks-gallery-item\"><figure><img loading=\"lazy\" width=\"300\" height=\"169\" src=\"https:\/\/www.abraca.cz\/wp-content\/uploads\/clip0650small.jpg\" alt=\"\" data-id=\"1334\" data-full-url=\"https:\/\/www.abraca.cz\/wp-content\/uploads\/clip0650small.jpg\" data-link=\"https:\/\/www.abraca.cz\/home\/?attachment_id=1334\" class=\"wp-image-1334\"\/><\/figure><\/li><li class=\"blocks-gallery-item\"><figure><img loading=\"lazy\" width=\"300\" height=\"169\" src=\"https:\/\/www.abraca.cz\/wp-content\/uploads\/clip0651small.jpg\" alt=\"\" data-id=\"1335\" data-full-url=\"https:\/\/www.abraca.cz\/wp-content\/uploads\/clip0651small.jpg\" data-link=\"https:\/\/www.abraca.cz\/home\/?attachment_id=1335\" class=\"wp-image-1335\"\/><\/figure><\/li><li class=\"blocks-gallery-item\"><figure><img loading=\"lazy\" width=\"300\" height=\"169\" src=\"https:\/\/www.abraca.cz\/wp-content\/uploads\/clip0652small.jpg\" alt=\"\" data-id=\"1336\" data-full-url=\"https:\/\/www.abraca.cz\/wp-content\/uploads\/clip0652small.jpg\" data-link=\"https:\/\/www.abraca.cz\/home\/?attachment_id=1336\" class=\"wp-image-1336\"\/><\/figure><\/li><li class=\"blocks-gallery-item\"><figure><img loading=\"lazy\" width=\"300\" height=\"169\" src=\"https:\/\/www.abraca.cz\/wp-content\/uploads\/clip0653small.jpg\" alt=\"\" data-id=\"1337\" data-full-url=\"https:\/\/www.abraca.cz\/wp-content\/uploads\/clip0653small.jpg\" data-link=\"https:\/\/www.abraca.cz\/home\/?attachment_id=1337\" class=\"wp-image-1337\"\/><\/figure><\/li><li class=\"blocks-gallery-item\"><figure><img loading=\"lazy\" width=\"300\" height=\"169\" src=\"https:\/\/www.abraca.cz\/wp-content\/uploads\/clip0654small.jpg\" alt=\"\" data-id=\"1338\" data-full-url=\"https:\/\/www.abraca.cz\/wp-content\/uploads\/clip0654small.jpg\" data-link=\"https:\/\/www.abraca.cz\/home\/?attachment_id=1338\" class=\"wp-image-1338\"\/><\/figure><\/li><li class=\"blocks-gallery-item\"><figure><img loading=\"lazy\" width=\"300\" height=\"169\" src=\"https:\/\/www.abraca.cz\/wp-content\/uploads\/clip0655small-1.jpg\" alt=\"\" data-id=\"1339\" data-full-url=\"https:\/\/www.abraca.cz\/wp-content\/uploads\/clip0655small-1.jpg\" data-link=\"https:\/\/www.abraca.cz\/home\/?attachment_id=1339\" class=\"wp-image-1339\"\/><\/figure><\/li><li class=\"blocks-gallery-item\"><figure><img loading=\"lazy\" width=\"300\" height=\"169\" src=\"https:\/\/www.abraca.cz\/wp-content\/uploads\/clip0656small.jpg\" alt=\"\" data-id=\"1340\" data-full-url=\"https:\/\/www.abraca.cz\/wp-content\/uploads\/clip0656small.jpg\" data-link=\"https:\/\/www.abraca.cz\/home\/?attachment_id=1340\" class=\"wp-image-1340\"\/><\/figure><\/li><li class=\"blocks-gallery-item\"><figure><img loading=\"lazy\" width=\"300\" height=\"169\" src=\"https:\/\/www.abraca.cz\/wp-content\/uploads\/clip0657small.jpg\" alt=\"\" data-id=\"1341\" data-full-url=\"https:\/\/www.abraca.cz\/wp-content\/uploads\/clip0657small.jpg\" data-link=\"https:\/\/www.abraca.cz\/home\/?attachment_id=1341\" class=\"wp-image-1341\"\/><\/figure><\/li><li class=\"blocks-gallery-item\"><figure><img loading=\"lazy\" width=\"300\" height=\"169\" src=\"https:\/\/www.abraca.cz\/wp-content\/uploads\/clip0658small.jpg\" alt=\"\" data-id=\"1342\" data-full-url=\"https:\/\/www.abraca.cz\/wp-content\/uploads\/clip0658small.jpg\" data-link=\"https:\/\/www.abraca.cz\/home\/?attachment_id=1342\" class=\"wp-image-1342\"\/><\/figure><\/li><li class=\"blocks-gallery-item\"><figure><img loading=\"lazy\" width=\"300\" height=\"169\" src=\"https:\/\/www.abraca.cz\/wp-content\/uploads\/clip0659small.jpg\" alt=\"\" data-id=\"1343\" data-full-url=\"https:\/\/www.abraca.cz\/wp-content\/uploads\/clip0659small.jpg\" data-link=\"https:\/\/www.abraca.cz\/home\/?attachment_id=1343\" class=\"wp-image-1343\"\/><\/figure><\/li><\/ul><\/figure>\n<\/div>\n\n\n\n<div class=\"wp-block-column\">\n<p><\/p>\n\n\n\n<p>COL Galibier<\/p>\n\n\n\n<p>V\u00fdjezd a sjezd severn\u00ed strany magick\u00e9ho Col du Galibier a okruh p\u0159es n\u011bj a Col Glandon.<\/p>\n\n\n\n<p>stop\u00e1\u017e:&nbsp; &nbsp;24 minut<\/p>\n<\/div>\n<\/div>\n","protected":false},"excerpt":{"rendered":"<p>COL Galibier V\u00fdjezd a sjezd severn\u00ed strany magick\u00e9ho Col du Galibier a okruh p\u0159es n\u011bj a Col Glandon. stop\u00e1\u017e:&nbsp; &nbsp;24 minut<\/p>\n","protected":false},"author":1,"featured_media":0,"parent":0,"menu_order":0,"comment_status":"closed","ping_status":"closed","template":"","meta":[],"_links":{"self":[{"href":"https:\/\/www.abraca.cz\/home\/wp-json\/wp\/v2\/pages\/1331"}],"collection":[{"href":"https:\/\/www.abraca.cz\/home\/wp-json\/wp\/v2\/pages"}],"about":[{"href":"https:\/\/www.abraca.cz\/home\/wp-json\/wp\/v2\/types\/page"}],"author":[{"embeddable":true,"href":"https:\/\/www.abraca.cz\/home\/wp-json\/wp\/v2\/users\/1"}],"replies":[{"embeddable":true,"href":"https:\/\/www.abraca.cz\/home\/wp-json\/wp\/v2\/comments?post=1331"}],"version-history":[{"count":1,"href":"https:\/\/www.abraca.cz\/home\/wp-json\/wp\/v2\/pages\/1331\/revisions"}],"predecessor-version":[{"id":1344,"href":"https:\/\/www.abraca.cz\/home\/wp-json\/wp\/v2\/pages\/1331\/revisions\/1344"}],"wp:attachment":[{"href":"https:\/\/www.abraca.cz\/home\/wp-json\/wp\/v2\/media?parent=1331"}],"curies":[{"name":"wp","href":"https:\/\/api.w.org\/{rel}","templated":true}]}}