{"id":1312,"date":"2020-11-21T17:29:52","date_gmt":"2020-11-21T16:29:52","guid":{"rendered":"https:\/\/www.abraca.cz\/home\/?page_id=1312"},"modified":"2020-11-21T17:29:52","modified_gmt":"2020-11-21T16:29:52","slug":"ars-23-1-2018","status":"publish","type":"page","link":"https:\/\/www.abraca.cz\/home\/ars-23-1-2018\/","title":{"rendered":"ARS 23. 1. 2018"},"content":{"rendered":"\n<div class=\"wp-block-columns\">\n<div class=\"wp-block-column\">\n<figure class=\"wp-block-gallery columns-3 is-cropped\"><ul class=\"blocks-gallery-grid\"><li class=\"blocks-gallery-item\"><figure><img loading=\"lazy\" width=\"300\" height=\"169\" src=\"https:\/\/www.abraca.cz\/wp-content\/uploads\/small0631.jpg\" alt=\"\" data-id=\"1313\" data-full-url=\"https:\/\/www.abraca.cz\/wp-content\/uploads\/small0631.jpg\" data-link=\"https:\/\/www.abraca.cz\/home\/?attachment_id=1313\" class=\"wp-image-1313\"\/><\/figure><\/li><li class=\"blocks-gallery-item\"><figure><img loading=\"lazy\" width=\"300\" height=\"169\" src=\"https:\/\/www.abraca.cz\/wp-content\/uploads\/small0632.jpg\" alt=\"\" data-id=\"1314\" data-full-url=\"https:\/\/www.abraca.cz\/wp-content\/uploads\/small0632.jpg\" data-link=\"https:\/\/www.abraca.cz\/home\/?attachment_id=1314\" class=\"wp-image-1314\"\/><\/figure><\/li><li class=\"blocks-gallery-item\"><figure><img loading=\"lazy\" width=\"300\" height=\"169\" src=\"https:\/\/www.abraca.cz\/wp-content\/uploads\/small0633.jpg\" alt=\"\" data-id=\"1315\" data-full-url=\"https:\/\/www.abraca.cz\/wp-content\/uploads\/small0633.jpg\" data-link=\"https:\/\/www.abraca.cz\/home\/?attachment_id=1315\" class=\"wp-image-1315\"\/><\/figure><\/li><li class=\"blocks-gallery-item\"><figure><img loading=\"lazy\" width=\"300\" height=\"169\" src=\"https:\/\/www.abraca.cz\/wp-content\/uploads\/small0634.jpg\" alt=\"\" data-id=\"1316\" data-full-url=\"https:\/\/www.abraca.cz\/wp-content\/uploads\/small0634.jpg\" data-link=\"https:\/\/www.abraca.cz\/home\/?attachment_id=1316\" class=\"wp-image-1316\"\/><\/figure><\/li><li class=\"blocks-gallery-item\"><figure><img loading=\"lazy\" width=\"300\" height=\"169\" src=\"https:\/\/www.abraca.cz\/wp-content\/uploads\/small0635.jpg\" alt=\"\" data-id=\"1317\" data-full-url=\"https:\/\/www.abraca.cz\/wp-content\/uploads\/small0635.jpg\" data-link=\"https:\/\/www.abraca.cz\/home\/?attachment_id=1317\" class=\"wp-image-1317\"\/><\/figure><\/li><li class=\"blocks-gallery-item\"><figure><img loading=\"lazy\" width=\"300\" height=\"169\" src=\"https:\/\/www.abraca.cz\/wp-content\/uploads\/small0636.jpg\" alt=\"\" data-id=\"1318\" data-full-url=\"https:\/\/www.abraca.cz\/wp-content\/uploads\/small0636.jpg\" data-link=\"https:\/\/www.abraca.cz\/home\/?attachment_id=1318\" class=\"wp-image-1318\"\/><\/figure><\/li><li class=\"blocks-gallery-item\"><figure><img loading=\"lazy\" width=\"300\" height=\"169\" src=\"https:\/\/www.abraca.cz\/wp-content\/uploads\/small0637.jpg\" alt=\"\" data-id=\"1319\" data-full-url=\"https:\/\/www.abraca.cz\/wp-content\/uploads\/small0637.jpg\" data-link=\"https:\/\/www.abraca.cz\/home\/?attachment_id=1319\" class=\"wp-image-1319\"\/><\/figure><\/li><li class=\"blocks-gallery-item\"><figure><img loading=\"lazy\" width=\"300\" height=\"169\" src=\"https:\/\/www.abraca.cz\/wp-content\/uploads\/small0638.jpg\" alt=\"\" data-id=\"1320\" data-full-url=\"https:\/\/www.abraca.cz\/wp-content\/uploads\/small0638.jpg\" data-link=\"https:\/\/www.abraca.cz\/home\/?attachment_id=1320\" class=\"wp-image-1320\"\/><\/figure><\/li><li class=\"blocks-gallery-item\"><figure><img loading=\"lazy\" width=\"300\" height=\"169\" src=\"https:\/\/www.abraca.cz\/wp-content\/uploads\/small0639.jpg\" alt=\"\" data-id=\"1321\" data-full-url=\"https:\/\/www.abraca.cz\/wp-content\/uploads\/small0639.jpg\" data-link=\"https:\/\/www.abraca.cz\/home\/?attachment_id=1321\" class=\"wp-image-1321\"\/><\/figure><\/li><li class=\"blocks-gallery-item\"><figure><img loading=\"lazy\" width=\"300\" height=\"169\" src=\"https:\/\/www.abraca.cz\/wp-content\/uploads\/small0640.jpg\" alt=\"\" data-id=\"1322\" data-full-url=\"https:\/\/www.abraca.cz\/wp-content\/uploads\/small0640.jpg\" data-link=\"https:\/\/www.abraca.cz\/home\/?attachment_id=1322\" class=\"wp-image-1322\"\/><\/figure><\/li><li class=\"blocks-gallery-item\"><figure><img loading=\"lazy\" width=\"300\" height=\"169\" src=\"https:\/\/www.abraca.cz\/wp-content\/uploads\/small0641.jpg\" alt=\"\" data-id=\"1323\" data-full-url=\"https:\/\/www.abraca.cz\/wp-content\/uploads\/small0641.jpg\" data-link=\"https:\/\/www.abraca.cz\/home\/?attachment_id=1323\" class=\"wp-image-1323\"\/><\/figure><\/li><li class=\"blocks-gallery-item\"><figure><img loading=\"lazy\" width=\"300\" height=\"169\" src=\"https:\/\/www.abraca.cz\/wp-content\/uploads\/small0642.jpg\" alt=\"\" data-id=\"1324\" data-full-url=\"https:\/\/www.abraca.cz\/wp-content\/uploads\/small0642.jpg\" data-link=\"https:\/\/www.abraca.cz\/home\/?attachment_id=1324\" class=\"wp-image-1324\"\/><\/figure><\/li><li class=\"blocks-gallery-item\"><figure><img loading=\"lazy\" width=\"300\" height=\"169\" src=\"https:\/\/www.abraca.cz\/wp-content\/uploads\/small0643.jpg\" alt=\"\" data-id=\"1325\" data-full-url=\"https:\/\/www.abraca.cz\/wp-content\/uploads\/small0643.jpg\" data-link=\"https:\/\/www.abraca.cz\/home\/?attachment_id=1325\" class=\"wp-image-1325\"\/><\/figure><\/li><li class=\"blocks-gallery-item\"><figure><img loading=\"lazy\" width=\"300\" height=\"169\" src=\"https:\/\/www.abraca.cz\/wp-content\/uploads\/small0644.jpg\" alt=\"\" data-id=\"1326\" data-full-url=\"https:\/\/www.abraca.cz\/wp-content\/uploads\/small0644.jpg\" data-link=\"https:\/\/www.abraca.cz\/home\/?attachment_id=1326\" class=\"wp-image-1326\"\/><\/figure><\/li><li class=\"blocks-gallery-item\"><figure><img loading=\"lazy\" width=\"300\" height=\"169\" src=\"https:\/\/www.abraca.cz\/wp-content\/uploads\/small0645.jpg\" alt=\"\" data-id=\"1327\" data-full-url=\"https:\/\/www.abraca.cz\/wp-content\/uploads\/small0645.jpg\" data-link=\"https:\/\/www.abraca.cz\/home\/?attachment_id=1327\" class=\"wp-image-1327\"\/><\/figure><\/li><li class=\"blocks-gallery-item\"><figure><img loading=\"lazy\" width=\"300\" height=\"169\" src=\"https:\/\/www.abraca.cz\/wp-content\/uploads\/small0646.jpg\" alt=\"\" data-id=\"1328\" data-full-url=\"https:\/\/www.abraca.cz\/wp-content\/uploads\/small0646.jpg\" data-link=\"https:\/\/www.abraca.cz\/home\/?attachment_id=1328\" class=\"wp-image-1328\"\/><\/figure><\/li><li class=\"blocks-gallery-item\"><figure><img loading=\"lazy\" width=\"300\" height=\"169\" src=\"https:\/\/www.abraca.cz\/wp-content\/uploads\/small0647-1.jpg\" alt=\"\" data-id=\"1329\" data-full-url=\"https:\/\/www.abraca.cz\/wp-content\/uploads\/small0647-1.jpg\" data-link=\"https:\/\/www.abraca.cz\/home\/?attachment_id=1329\" class=\"wp-image-1329\"\/><\/figure><\/li><\/ul><\/figure>\n<\/div>\n\n\n\n<div class=\"wp-block-column\">\n<p><\/p>\n\n\n\n<p>ARS 23. 1. 2018<\/p>\n\n\n\n<p>Dokument z vernis\u00e1\u017ee v\u00fdstavy Neviditelno nevid\u00ed samo sebe Bohunky Ole\u0161ov\u00e9, kter\u00e1 byla posledn\u00ed v\u00fdstavou galerie ARS 23.1.2018.<\/p>\n\n\n\n<p>stop\u00e1\u017e:&nbsp; &nbsp;3 minuty<\/p>\n<\/div>\n<\/div>\n","protected":false},"excerpt":{"rendered":"<p>ARS 23. 1. 2018 Dokument z vernis\u00e1\u017ee v\u00fdstavy Neviditelno nevid\u00ed samo sebe Bohunky Ole\u0161ov\u00e9, kter\u00e1 byla posledn\u00ed v\u00fdstavou galerie ARS 23.1.2018. stop\u00e1\u017e:&nbsp; &nbsp;3 minuty<\/p>\n","protected":false},"author":1,"featured_media":0,"parent":0,"menu_order":0,"comment_status":"closed","ping_status":"closed","template":"","meta":[],"_links":{"self":[{"href":"https:\/\/www.abraca.cz\/home\/wp-json\/wp\/v2\/pages\/1312"}],"collection":[{"href":"https:\/\/www.abraca.cz\/home\/wp-json\/wp\/v2\/pages"}],"about":[{"href":"https:\/\/www.abraca.cz\/home\/wp-json\/wp\/v2\/types\/page"}],"author":[{"embeddable":true,"href":"https:\/\/www.abraca.cz\/home\/wp-json\/wp\/v2\/users\/1"}],"replies":[{"embeddable":true,"href":"https:\/\/www.abraca.cz\/home\/wp-json\/wp\/v2\/comments?post=1312"}],"version-history":[{"count":1,"href":"https:\/\/www.abraca.cz\/home\/wp-json\/wp\/v2\/pages\/1312\/revisions"}],"predecessor-version":[{"id":1330,"href":"https:\/\/www.abraca.cz\/home\/wp-json\/wp\/v2\/pages\/1312\/revisions\/1330"}],"wp:attachment":[{"href":"https:\/\/www.abraca.cz\/home\/wp-json\/wp\/v2\/media?parent=1312"}],"curies":[{"name":"wp","href":"https:\/\/api.w.org\/{rel}","templated":true}]}}