{"id":1209,"date":"2020-11-21T17:19:54","date_gmt":"2020-11-21T16:19:54","guid":{"rendered":"https:\/\/www.abraca.cz\/home\/?page_id=1209"},"modified":"2020-11-21T19:22:07","modified_gmt":"2020-11-21T18:22:07","slug":"route-des-grandes-alpes","status":"publish","type":"page","link":"https:\/\/www.abraca.cz\/home\/route-des-grandes-alpes\/","title":{"rendered":"Route des grandes Alpes"},"content":{"rendered":"\n<div class=\"wp-block-columns\">\n<div class=\"wp-block-column\">\n<figure class=\"wp-block-gallery columns-3 is-cropped\"><ul class=\"blocks-gallery-grid\"><li class=\"blocks-gallery-item\"><figure><img loading=\"lazy\" width=\"300\" height=\"240\" src=\"https:\/\/www.abraca.cz\/wp-content\/uploads\/clip0542small.jpg\" alt=\"\" data-id=\"1210\" data-full-url=\"https:\/\/www.abraca.cz\/wp-content\/uploads\/clip0542small.jpg\" data-link=\"https:\/\/www.abraca.cz\/home\/?attachment_id=1210\" class=\"wp-image-1210\"\/><\/figure><\/li><li class=\"blocks-gallery-item\"><figure><img loading=\"lazy\" width=\"300\" height=\"240\" src=\"https:\/\/www.abraca.cz\/wp-content\/uploads\/clip0543small.jpg\" alt=\"\" data-id=\"1211\" data-full-url=\"https:\/\/www.abraca.cz\/wp-content\/uploads\/clip0543small.jpg\" data-link=\"https:\/\/www.abraca.cz\/home\/?attachment_id=1211\" class=\"wp-image-1211\"\/><\/figure><\/li><li class=\"blocks-gallery-item\"><figure><img loading=\"lazy\" width=\"300\" height=\"240\" src=\"https:\/\/www.abraca.cz\/wp-content\/uploads\/clip0544small.jpg\" alt=\"\" data-id=\"1212\" data-full-url=\"https:\/\/www.abraca.cz\/wp-content\/uploads\/clip0544small.jpg\" data-link=\"https:\/\/www.abraca.cz\/home\/?attachment_id=1212\" class=\"wp-image-1212\"\/><\/figure><\/li><li class=\"blocks-gallery-item\"><figure><img loading=\"lazy\" width=\"300\" height=\"240\" src=\"https:\/\/www.abraca.cz\/wp-content\/uploads\/clip0545small.jpg\" alt=\"\" data-id=\"1213\" data-full-url=\"https:\/\/www.abraca.cz\/wp-content\/uploads\/clip0545small.jpg\" data-link=\"https:\/\/www.abraca.cz\/home\/?attachment_id=1213\" class=\"wp-image-1213\"\/><\/figure><\/li><li class=\"blocks-gallery-item\"><figure><img loading=\"lazy\" width=\"300\" height=\"240\" src=\"https:\/\/www.abraca.cz\/wp-content\/uploads\/clip0546small.jpg\" alt=\"\" data-id=\"1214\" data-full-url=\"https:\/\/www.abraca.cz\/wp-content\/uploads\/clip0546small.jpg\" data-link=\"https:\/\/www.abraca.cz\/home\/?attachment_id=1214\" class=\"wp-image-1214\"\/><\/figure><\/li><li class=\"blocks-gallery-item\"><figure><img loading=\"lazy\" width=\"300\" height=\"240\" src=\"https:\/\/www.abraca.cz\/wp-content\/uploads\/clip0547small.jpg\" alt=\"\" data-id=\"1215\" data-full-url=\"https:\/\/www.abraca.cz\/wp-content\/uploads\/clip0547small.jpg\" data-link=\"https:\/\/www.abraca.cz\/home\/?attachment_id=1215\" class=\"wp-image-1215\"\/><\/figure><\/li><li class=\"blocks-gallery-item\"><figure><img loading=\"lazy\" width=\"300\" height=\"240\" src=\"https:\/\/www.abraca.cz\/wp-content\/uploads\/clip0548small.jpg\" alt=\"\" data-id=\"1216\" data-full-url=\"https:\/\/www.abraca.cz\/wp-content\/uploads\/clip0548small.jpg\" data-link=\"https:\/\/www.abraca.cz\/home\/?attachment_id=1216\" class=\"wp-image-1216\"\/><\/figure><\/li><li class=\"blocks-gallery-item\"><figure><img loading=\"lazy\" width=\"300\" height=\"240\" src=\"https:\/\/www.abraca.cz\/wp-content\/uploads\/clip0549small.jpg\" alt=\"\" data-id=\"1217\" data-full-url=\"https:\/\/www.abraca.cz\/wp-content\/uploads\/clip0549small.jpg\" data-link=\"https:\/\/www.abraca.cz\/home\/?attachment_id=1217\" class=\"wp-image-1217\"\/><\/figure><\/li><li class=\"blocks-gallery-item\"><figure><img loading=\"lazy\" width=\"300\" height=\"240\" src=\"https:\/\/www.abraca.cz\/wp-content\/uploads\/clip0550small.jpg\" alt=\"\" data-id=\"1218\" data-full-url=\"https:\/\/www.abraca.cz\/wp-content\/uploads\/clip0550small.jpg\" data-link=\"https:\/\/www.abraca.cz\/home\/?attachment_id=1218\" class=\"wp-image-1218\"\/><\/figure><\/li><li class=\"blocks-gallery-item\"><figure><img loading=\"lazy\" width=\"300\" height=\"240\" src=\"https:\/\/www.abraca.cz\/wp-content\/uploads\/clip0551small.jpg\" alt=\"\" data-id=\"1219\" data-full-url=\"https:\/\/www.abraca.cz\/wp-content\/uploads\/clip0551small.jpg\" data-link=\"https:\/\/www.abraca.cz\/home\/?attachment_id=1219\" class=\"wp-image-1219\"\/><\/figure><\/li><li class=\"blocks-gallery-item\"><figure><img loading=\"lazy\" width=\"300\" height=\"240\" src=\"https:\/\/www.abraca.cz\/wp-content\/uploads\/clip0552small.jpg\" alt=\"\" data-id=\"1220\" data-full-url=\"https:\/\/www.abraca.cz\/wp-content\/uploads\/clip0552small.jpg\" data-link=\"https:\/\/www.abraca.cz\/home\/?attachment_id=1220\" class=\"wp-image-1220\"\/><\/figure><\/li><li class=\"blocks-gallery-item\"><figure><img loading=\"lazy\" width=\"300\" height=\"240\" src=\"https:\/\/www.abraca.cz\/wp-content\/uploads\/clip0553small-1.jpg\" alt=\"\" data-id=\"1221\" data-full-url=\"https:\/\/www.abraca.cz\/wp-content\/uploads\/clip0553small-1.jpg\" data-link=\"https:\/\/www.abraca.cz\/home\/?attachment_id=1221\" class=\"wp-image-1221\"\/><\/figure><\/li><li class=\"blocks-gallery-item\"><figure><img loading=\"lazy\" width=\"300\" height=\"240\" src=\"https:\/\/www.abraca.cz\/wp-content\/uploads\/clip0554small.jpg\" alt=\"\" data-id=\"1222\" data-full-url=\"https:\/\/www.abraca.cz\/wp-content\/uploads\/clip0554small.jpg\" data-link=\"https:\/\/www.abraca.cz\/home\/?attachment_id=1222\" class=\"wp-image-1222\"\/><\/figure><\/li><li class=\"blocks-gallery-item\"><figure><img loading=\"lazy\" width=\"300\" height=\"240\" src=\"https:\/\/www.abraca.cz\/wp-content\/uploads\/clip0555small.jpg\" alt=\"\" data-id=\"1223\" data-full-url=\"https:\/\/www.abraca.cz\/wp-content\/uploads\/clip0555small.jpg\" data-link=\"https:\/\/www.abraca.cz\/home\/?attachment_id=1223\" class=\"wp-image-1223\"\/><\/figure><\/li><li class=\"blocks-gallery-item\"><figure><img loading=\"lazy\" width=\"300\" height=\"240\" src=\"https:\/\/www.abraca.cz\/wp-content\/uploads\/clip0556small.jpg\" alt=\"\" data-id=\"1224\" data-full-url=\"https:\/\/www.abraca.cz\/wp-content\/uploads\/clip0556small.jpg\" data-link=\"https:\/\/www.abraca.cz\/home\/?attachment_id=1224\" class=\"wp-image-1224\"\/><\/figure><\/li><li class=\"blocks-gallery-item\"><figure><img loading=\"lazy\" width=\"300\" height=\"240\" src=\"https:\/\/www.abraca.cz\/wp-content\/uploads\/clip0557small.jpg\" alt=\"\" data-id=\"1225\" data-full-url=\"https:\/\/www.abraca.cz\/wp-content\/uploads\/clip0557small.jpg\" data-link=\"https:\/\/www.abraca.cz\/home\/?attachment_id=1225\" class=\"wp-image-1225\"\/><\/figure><\/li><\/ul><\/figure>\n<\/div>\n\n\n\n<div class=\"wp-block-column\">\n<p><\/p>\n\n\n\n<p>ROUTE DES GRANDES ALPES<\/p>\n\n\n\n<p>Silnic\u00ed Route des grandes Alpes p\u0159es pr\u016fsmyky Col d\u00b4 Izoard, Col de Vars a Cime de la Bonette.<\/p>\n\n\n\n<p>stop\u00e1\u017e:&nbsp; &nbsp;32 minut<\/p>\n<\/div>\n<\/div>\n","protected":false},"excerpt":{"rendered":"<p>ROUTE DES GRANDES ALPES Silnic\u00ed Route des grandes Alpes p\u0159es pr\u016fsmyky Col d\u00b4 Izoard, Col de Vars a Cime de la Bonette. stop\u00e1\u017e:&nbsp; &nbsp;32 minut<\/p>\n","protected":false},"author":1,"featured_media":0,"parent":0,"menu_order":0,"comment_status":"closed","ping_status":"closed","template":"","meta":[],"_links":{"self":[{"href":"https:\/\/www.abraca.cz\/home\/wp-json\/wp\/v2\/pages\/1209"}],"collection":[{"href":"https:\/\/www.abraca.cz\/home\/wp-json\/wp\/v2\/pages"}],"about":[{"href":"https:\/\/www.abraca.cz\/home\/wp-json\/wp\/v2\/types\/page"}],"author":[{"embeddable":true,"href":"https:\/\/www.abraca.cz\/home\/wp-json\/wp\/v2\/users\/1"}],"replies":[{"embeddable":true,"href":"https:\/\/www.abraca.cz\/home\/wp-json\/wp\/v2\/comments?post=1209"}],"version-history":[{"count":3,"href":"https:\/\/www.abraca.cz\/home\/wp-json\/wp\/v2\/pages\/1209\/revisions"}],"predecessor-version":[{"id":1393,"href":"https:\/\/www.abraca.cz\/home\/wp-json\/wp\/v2\/pages\/1209\/revisions\/1393"}],"wp:attachment":[{"href":"https:\/\/www.abraca.cz\/home\/wp-json\/wp\/v2\/media?parent=1209"}],"curies":[{"name":"wp","href":"https:\/\/api.w.org\/{rel}","templated":true}]}}