{"id":1069,"date":"2020-11-21T17:05:06","date_gmt":"2020-11-21T16:05:06","guid":{"rendered":"https:\/\/www.abraca.cz\/home\/?page_id=1069"},"modified":"2020-11-21T17:05:06","modified_gmt":"2020-11-21T16:05:06","slug":"patologicke-hracstvi","status":"publish","type":"page","link":"https:\/\/www.abraca.cz\/home\/patologicke-hracstvi\/","title":{"rendered":"Patologick\u00e9 hr\u00e1\u010dstv\u00ed"},"content":{"rendered":"\n<div class=\"wp-block-columns\">\n<div class=\"wp-block-column\">\n<figure class=\"wp-block-gallery columns-3 is-cropped\"><ul class=\"blocks-gallery-grid\"><li class=\"blocks-gallery-item\"><figure><img loading=\"lazy\" width=\"300\" height=\"240\" src=\"https:\/\/www.abraca.cz\/wp-content\/uploads\/clip0426small.jpg\" alt=\"\" data-id=\"1072\" data-full-url=\"https:\/\/www.abraca.cz\/wp-content\/uploads\/clip0426small.jpg\" data-link=\"https:\/\/www.abraca.cz\/home\/?attachment_id=1072\" class=\"wp-image-1072\"\/><\/figure><\/li><li class=\"blocks-gallery-item\"><figure><img loading=\"lazy\" width=\"300\" height=\"240\" src=\"https:\/\/www.abraca.cz\/wp-content\/uploads\/clip0427small.jpg\" alt=\"\" data-id=\"1073\" data-full-url=\"https:\/\/www.abraca.cz\/wp-content\/uploads\/clip0427small.jpg\" data-link=\"https:\/\/www.abraca.cz\/home\/?attachment_id=1073\" class=\"wp-image-1073\"\/><\/figure><\/li><li class=\"blocks-gallery-item\"><figure><img loading=\"lazy\" width=\"300\" height=\"240\" src=\"https:\/\/www.abraca.cz\/wp-content\/uploads\/clip0428small.jpg\" alt=\"\" data-id=\"1074\" data-full-url=\"https:\/\/www.abraca.cz\/wp-content\/uploads\/clip0428small.jpg\" data-link=\"https:\/\/www.abraca.cz\/home\/?attachment_id=1074\" class=\"wp-image-1074\"\/><\/figure><\/li><li class=\"blocks-gallery-item\"><figure><img loading=\"lazy\" width=\"300\" height=\"240\" src=\"https:\/\/www.abraca.cz\/wp-content\/uploads\/clip0429small.jpg\" alt=\"\" data-id=\"1075\" data-full-url=\"https:\/\/www.abraca.cz\/wp-content\/uploads\/clip0429small.jpg\" data-link=\"https:\/\/www.abraca.cz\/home\/?attachment_id=1075\" class=\"wp-image-1075\"\/><\/figure><\/li><li class=\"blocks-gallery-item\"><figure><img loading=\"lazy\" width=\"300\" height=\"240\" src=\"https:\/\/www.abraca.cz\/wp-content\/uploads\/clip0430small.jpg\" alt=\"\" data-id=\"1076\" data-full-url=\"https:\/\/www.abraca.cz\/wp-content\/uploads\/clip0430small.jpg\" data-link=\"https:\/\/www.abraca.cz\/home\/?attachment_id=1076\" class=\"wp-image-1076\"\/><\/figure><\/li><li class=\"blocks-gallery-item\"><figure><img loading=\"lazy\" width=\"300\" height=\"240\" src=\"https:\/\/www.abraca.cz\/wp-content\/uploads\/clip0431small.jpg\" alt=\"\" data-id=\"1077\" data-full-url=\"https:\/\/www.abraca.cz\/wp-content\/uploads\/clip0431small.jpg\" data-link=\"https:\/\/www.abraca.cz\/home\/?attachment_id=1077\" class=\"wp-image-1077\"\/><\/figure><\/li><li class=\"blocks-gallery-item\"><figure><img loading=\"lazy\" width=\"300\" height=\"240\" src=\"https:\/\/www.abraca.cz\/wp-content\/uploads\/clip0432small.jpg\" alt=\"\" data-id=\"1078\" data-full-url=\"https:\/\/www.abraca.cz\/wp-content\/uploads\/clip0432small.jpg\" data-link=\"https:\/\/www.abraca.cz\/home\/?attachment_id=1078\" class=\"wp-image-1078\"\/><\/figure><\/li><li class=\"blocks-gallery-item\"><figure><img loading=\"lazy\" width=\"300\" height=\"240\" src=\"https:\/\/www.abraca.cz\/wp-content\/uploads\/clip0433small.jpg\" alt=\"\" data-id=\"1079\" data-full-url=\"https:\/\/www.abraca.cz\/wp-content\/uploads\/clip0433small.jpg\" data-link=\"https:\/\/www.abraca.cz\/home\/?attachment_id=1079\" class=\"wp-image-1079\"\/><\/figure><\/li><li class=\"blocks-gallery-item\"><figure><img loading=\"lazy\" width=\"300\" height=\"240\" src=\"https:\/\/www.abraca.cz\/wp-content\/uploads\/clip0434small-1.jpg\" alt=\"\" data-id=\"1080\" data-full-url=\"https:\/\/www.abraca.cz\/wp-content\/uploads\/clip0434small-1.jpg\" data-link=\"https:\/\/www.abraca.cz\/home\/?attachment_id=1080\" class=\"wp-image-1080\"\/><\/figure><\/li><\/ul><\/figure>\n<\/div>\n\n\n\n<div class=\"wp-block-column\">\n<p><\/p>\n\n\n\n<p>PATOLOGICK\u00c9 HR\u00c1\u010cSTV\u00cd <\/p>\n\n\n\n<p>Z\u00e1znamy kulat\u00fdch stol\u016f v Brn\u011b a Olomouci a konference v Praze na t\u00e9ma &#8222;Patologick\u00e9 hr\u00e1\u010dstv\u00ed&#8220; po\u0159\u00e1dan\u00e9 agenturou EDAD.<\/p>\n<\/div>\n<\/div>\n","protected":false},"excerpt":{"rendered":"<p>PATOLOGICK\u00c9 HR\u00c1\u010cSTV\u00cd Z\u00e1znamy kulat\u00fdch stol\u016f v Brn\u011b a Olomouci a konference v Praze na t\u00e9ma &#8222;Patologick\u00e9 hr\u00e1\u010dstv\u00ed&#8220; po\u0159\u00e1dan\u00e9 agenturou EDAD.<\/p>\n","protected":false},"author":1,"featured_media":0,"parent":0,"menu_order":0,"comment_status":"closed","ping_status":"closed","template":"","meta":[],"_links":{"self":[{"href":"https:\/\/www.abraca.cz\/home\/wp-json\/wp\/v2\/pages\/1069"}],"collection":[{"href":"https:\/\/www.abraca.cz\/home\/wp-json\/wp\/v2\/pages"}],"about":[{"href":"https:\/\/www.abraca.cz\/home\/wp-json\/wp\/v2\/types\/page"}],"author":[{"embeddable":true,"href":"https:\/\/www.abraca.cz\/home\/wp-json\/wp\/v2\/users\/1"}],"replies":[{"embeddable":true,"href":"https:\/\/www.abraca.cz\/home\/wp-json\/wp\/v2\/comments?post=1069"}],"version-history":[{"count":1,"href":"https:\/\/www.abraca.cz\/home\/wp-json\/wp\/v2\/pages\/1069\/revisions"}],"predecessor-version":[{"id":1081,"href":"https:\/\/www.abraca.cz\/home\/wp-json\/wp\/v2\/pages\/1069\/revisions\/1081"}],"wp:attachment":[{"href":"https:\/\/www.abraca.cz\/home\/wp-json\/wp\/v2\/media?parent=1069"}],"curies":[{"name":"wp","href":"https:\/\/api.w.org\/{rel}","templated":true}]}}